{"id":759,"date":"2020-10-28T12:16:13","date_gmt":"2020-10-28T18:16:13","guid":{"rendered":"https:\/\/cmdh.bahiadebanderas.gob.mx\/?page_id=759"},"modified":"2026-02-11T11:36:21","modified_gmt":"2026-02-11T17:36:21","slug":"xlviii-responsabilidad-hacendaria","status":"publish","type":"page","link":"https:\/\/cmdh.bahiadebanderas.gob.mx\/index.php\/xlviii-responsabilidad-hacendaria\/","title":{"rendered":"XLVIII &#8211; Responsabilidad Hacendaria"},"content":{"rendered":"<p><strong>XLVIII. EL SEGUIMIENTO DE LAS OBLIGACIONES DE RESPONSABILIDAD HACENDARIAS ESTABLECIDAS EN LOS CONVENIOS SOBRE LOS NIVELES DE ENDEUDAMIENTO ELEVADO DE LOS ENTES P\u00daBLICOS, RESPECTIVOS<\/strong><\/p>\n<p style=\"text-align: center;\"><strong>EJERCICIO 2025<\/strong><\/p>\n<p style=\"text-align: center;\"><strong>CUARTO TRIMESTRE<\/strong><\/p>\n<p>Formato XLVIIIa. Seguimiento de Obligaciones\u00a0 Hacendarias<\/p>\n<p><a href=\"https:\/\/cmdh.bahiadebanderas.gob.mx\/wp-content\/uploads\/2025\/11\/LTAIPEN_Art_33_Fr_XLVII_a.xlsx\">LTAIPEN_Art_33_Fr_XLVIII_a<\/a><\/p>\n<p>Formato XLVIIIb. La Secretar\u00eda de Administraci\u00f3n y Finanzas o Instancias Correspondientes Incluir\u00e1 Adem\u00e1s: Seguimiento de las Obligaciones Hacendarias<\/p>\n<p><a href=\"https:\/\/cmdh.bahiadebanderas.gob.mx\/wp-content\/uploads\/2026\/02\/LTAIPEN_Art_33_Fr_XLVIII_b.xlsx\">LTAIPEN_Art_33_Fr_XLVIII_b<\/a><\/p>\n<p style=\"text-align: center;\"><strong>TERCER TRIMESTRE<\/strong><\/p>\n<p>Formato XLVIIIa. Seguimiento de Obligaciones\u00a0 Hacendarias<\/p>\n<p><a href=\"https:\/\/cmdh.bahiadebanderas.gob.mx\/wp-content\/uploads\/2025\/11\/LTAIPEN_Art_33_Fr_XLVII_a.xlsx\">LTAIPEN_Art_33_Fr_XLVIII_a<\/a><\/p>\n<p>Formato XLVIIIb. La Secretar\u00eda de Administraci\u00f3n y Finanzas o Instancias Correspondientes Incluir\u00e1 Adem\u00e1s: Seguimiento de las Obligaciones Hacendarias<\/p>\n<p><a href=\"https:\/\/cmdh.bahiadebanderas.gob.mx\/wp-content\/uploads\/2025\/11\/LTAIPEN_Art_33_Fr_XLVII_b.xlsx\">LTAIPEN_Art_33_Fr_XLVIII_b<\/a><\/p>\n<p style=\"text-align: center;\"><strong>PRIMER TRIMESTRE<\/strong><\/p>\n<p>Formato XLVIIIa. Seguimiento de Obligaciones\u00a0 Hacendarias<\/p>\n<p><a href=\"https:\/\/cmdh.bahiadebanderas.gob.mx\/wp-content\/uploads\/2025\/05\/LTAIPEN_Art_33_Fr_XLVIII_a-5.xlsx\">LTAIPEN_Art_33_Fr_XLVIII_a<\/a><\/p>\n<p>Formato XLVIIIb. La Secretar\u00eda de Administraci\u00f3n y Finanzas o Instancias Correspondientes Incluir\u00e1 Adem\u00e1s: Seguimiento de las Obligaciones Hacendarias<\/p>\n<p><a href=\"https:\/\/cmdh.bahiadebanderas.gob.mx\/wp-content\/uploads\/2025\/05\/LTAIPEN_Art_33_Fr_XLVIII_b-5.xlsx\">LTAIPEN_Art_33_Fr_XLVIII_b<\/a><\/p>\n<style type=\"text\/css\" scoped=\"scoped\">.divider-69f3c388a4052{ margin-top: 30px;margin-bottom:30px;width:100%;}.divider-69f3c388a4052 .divider-border{border-bottom-width:5px; border-color:#f2f2f2;}.divider-69f3c388a4052 .double-line.divider-inner-item .divider-inner{border-top-width: 5px; border-bottom-width: 5px;}.divider-69f3c388a4052 .divider-border.divider-inner-item .divider-inner{ border-bottom-width: 5px;} <\/style><div class=\" divider divider-69f3c388a4052 divider-shadow center\" id=\"\" style=\"margin-top:; margin-bottom:;\"><div class=\"divider-inner divider-border\"><\/div><\/div>\n<p style=\"text-align: center;\"><strong>EJERCICIO 2024<\/strong><\/p>\n<p style=\"text-align: center;\"><strong>CUARTO TRIMESTRE<\/strong><\/p>\n<p>Formato XLVIIIa. Seguimiento de Obligaciones\u00a0 Hacendarias<\/p>\n<p><a href=\"https:\/\/cmdh.bahiadebanderas.gob.mx\/wp-content\/uploads\/2025\/01\/LTAIPEN_Art_33_Fr_XLVIII_a.xlsx\">LTAIPEN_Art_33_Fr_XLVIII_a<\/a><\/p>\n<p>Formato XLVIIIb. La Secretar\u00eda de Administraci\u00f3n y Finanzas o Instancias Correspondientes Incluir\u00e1 Adem\u00e1s: Seguimiento de las Obligaciones Hacendarias<\/p>\n<p><a href=\"https:\/\/cmdh.bahiadebanderas.gob.mx\/wp-content\/uploads\/2025\/01\/LTAIPEN_Art_33_Fr_XLVIII_b.xlsx\">LTAIPEN_Art_33_Fr_XLVIII_b<\/a><\/p>\n<p style=\"text-align: center;\"><strong>TERCER TRIMESTRE<\/strong><\/p>\n<p>Formato XLVIIIa. Seguimiento de Obligaciones\u00a0 Hacendarias<\/p>\n<p><a href=\"https:\/\/cmdh.bahiadebanderas.gob.mx\/wp-content\/uploads\/2024\/10\/LTAIPEN_Art_33_Fr_XLVIII_a.xlsx\">LTAIPEN_Art_33_Fr_XLVIII_a<\/a><\/p>\n<p>Formato XLVIIIb. La Secretar\u00eda de Administraci\u00f3n y Finanzas o Instancias Correspondientes Incluir\u00e1 Adem\u00e1s: Seguimiento de las Obligaciones Hacendarias<\/p>\n<p><a href=\"https:\/\/cmdh.bahiadebanderas.gob.mx\/wp-content\/uploads\/2024\/10\/LTAIPEN_Art_33_Fr_XLVIII_b.xlsx\">LTAIPEN_Art_33_Fr_XLVIII_b<\/a><\/p>\n<p style=\"text-align: center;\"><strong>SEGUNDO TRIMESTRE<\/strong><\/p>\n<p>Formato XLVIIIa. Seguimiento de Obligaciones\u00a0 Hacendarias<\/p>\n<p><a href=\"https:\/\/cmdh.bahiadebanderas.gob.mx\/wp-content\/uploads\/2024\/07\/LTAIPEN_Art_33_Fr_XLVIII_a-4.xlsx\">LTAIPEN_Art_33_Fr_XLVIII_a<\/a><\/p>\n<p>Formato XLVIIIb. La Secretar\u00eda de Administraci\u00f3n y Finanzas o Instancias Correspondientes Incluir\u00e1 Adem\u00e1s: Seguimiento de las Obligaciones Hacendarias<\/p>\n<p><a href=\"https:\/\/cmdh.bahiadebanderas.gob.mx\/wp-content\/uploads\/2024\/07\/LTAIPEN_Art_33_Fr_XLVIII_b-4.xlsx\">LTAIPEN_Art_33_Fr_XLVIII_b<\/a><\/p>\n<p style=\"text-align: center;\"><strong>PRIMER TRIMESTRE<\/strong><\/p>\n<p>Formato XLVIIIa. Seguimiento de Obligaciones\u00a0 Hacendarias<\/p>\n<p><a href=\"https:\/\/cmdh.bahiadebanderas.gob.mx\/wp-content\/uploads\/2024\/04\/LTAIPEN_Art_33_Fr_XLVIII_a-3.xlsx\">LTAIPEN_Art_33_Fr_XLVIII_a<\/a><\/p>\n<p>Formato XLVIIIb. La Secretar\u00eda de Administraci\u00f3n y Finanzas o Instancias Correspondientes Incluir\u00e1 Adem\u00e1s: Seguimiento de las Obligaciones Hacendarias<\/p>\n<p><a href=\"https:\/\/cmdh.bahiadebanderas.gob.mx\/wp-content\/uploads\/2024\/04\/LTAIPEN_Art_33_Fr_XLVIII_b-3.xlsx\">LTAIPEN_Art_33_Fr_XLVIII_b<\/a><\/p>\n<style type=\"text\/css\" scoped=\"scoped\">.divider-69f3c388a40af{ margin-top: 30px;margin-bottom:30px;width:100%;}.divider-69f3c388a40af .divider-border{border-bottom-width:5px; border-color:#f2f2f2;}.divider-69f3c388a40af .double-line.divider-inner-item .divider-inner{border-top-width: 5px; border-bottom-width: 5px;}.divider-69f3c388a40af .divider-border.divider-inner-item .divider-inner{ border-bottom-width: 5px;} <\/style><div class=\" divider divider-69f3c388a40af divider-shadow center\" id=\"\" style=\"margin-top:; margin-bottom:;\"><div class=\"divider-inner divider-border\"><\/div><\/div>\n<p>Periodo de actualizaci\u00f3n: Trimestral<\/p>\n<p>Fecha de Actualizaci\u00f3n: 09 de Febrero del 2026<\/p>\n<p>Conservaci\u00f3n: Ejercicio en curso y 2 Ejercicios anteriores.<\/p>\n<p>\u00c1rea que genera la informaci\u00f3n: Contabilidad<\/p>\n","protected":false},"excerpt":{"rendered":"<p>XLVIII. EL SEGUIMIENTO DE LAS OBLIGACIONES DE RESPONSABILIDAD HACENDARIAS ESTABLECIDAS EN LOS CONVENIOS SOBRE LOS NIVELES DE ENDEUDAMIENTO ELEVADO DE LOS ENTES P\u00daBLICOS, RESPECTIVOS EJERCICIO 2025 CUARTO TRIMESTRE Formato XLVIIIa. Seguimiento de Obligaciones\u00a0 Hacendarias LTAIPEN_Art_33_Fr_XLVIII_a Formato XLVIIIb. La Secretar\u00eda de Administraci\u00f3n y Finanzas o Instancias Correspondientes Incluir\u00e1 Adem\u00e1s: Seguimiento de las Obligaciones Hacendarias LTAIPEN_Art_33_Fr_XLVIII_b TERCER TRIMESTRE Formato XLVIIIa. Seguimiento de Obligaciones\u00a0 Hacendarias LTAIPEN_Art_33_Fr_XLVIII_a Formato XLVIIIb. La Secretar\u00eda de Administraci\u00f3n y Finanzas o Instancias Correspondientes Incluir\u00e1 Adem\u00e1s: Seguimiento de las Obligaciones Hacendarias LTAIPEN_Art_33_Fr_XLVIII_b PRIMER TRIMESTRE Formato XLVIIIa. Seguimiento de Obligaciones\u00a0 Hacendarias LTAIPEN_Art_33_Fr_XLVIII_a Formato XLVIIIb. La Secretar\u00eda de Administraci\u00f3n y Finanzas o Instancias Correspondientes Incluir\u00e1 Adem\u00e1s: Seguimiento de las Obligaciones Hacendarias LTAIPEN_Art_33_Fr_XLVIII_b EJERCICIO 2024 CUARTO TRIMESTRE Formato XLVIIIa. Seguimiento de Obligaciones\u00a0 Hacendarias LTAIPEN_Art_33_Fr_XLVIII_a Formato XLVIIIb. La Secretar\u00eda de Administraci\u00f3n y Finanzas o Instancias Correspondientes Incluir\u00e1 Adem\u00e1s: Seguimiento de las Obligaciones Hacendarias LTAIPEN_Art_33_Fr_XLVIII_b TERCER TRIMESTRE Formato XLVIIIa. Seguimiento de Obligaciones\u00a0 Hacendarias LTAIPEN_Art_33_Fr_XLVIII_a Formato XLVIIIb. La Secretar\u00eda de Administraci\u00f3n y Finanzas o Instancias Correspondientes Incluir\u00e1 Adem\u00e1s: Seguimiento de las Obligaciones Hacendarias LTAIPEN_Art_33_Fr_XLVIII_b SEGUNDO TRIMESTRE Formato XLVIIIa. Seguimiento de Obligaciones\u00a0 Hacendarias LTAIPEN_Art_33_Fr_XLVIII_a Formato XLVIIIb. La Secretar\u00eda de Administraci\u00f3n y Finanzas o Instancias Correspondientes Incluir\u00e1 Adem\u00e1s: Seguimiento de las Obligaciones Hacendarias LTAIPEN_Art_33_Fr_XLVIII_b PRIMER TRIMESTRE Formato XLVIIIa. Seguimiento de Obligaciones\u00a0 Hacendarias LTAIPEN_Art_33_Fr_XLVIII_a Formato XLVIIIb. La Secretar\u00eda de Administraci\u00f3n y Finanzas o Instancias Correspondientes Incluir\u00e1 Adem\u00e1s: Seguimiento de las Obligaciones Hacendarias LTAIPEN_Art_33_Fr_XLVIII_b Periodo de actualizaci\u00f3n: Trimestral Fecha de Actualizaci\u00f3n: 09 de Febrero del 2026 Conservaci\u00f3n: Ejercicio en curso y 2 Ejercicios anteriores. \u00c1rea que genera la informaci\u00f3n: Contabilidad<\/p>\n","protected":false},"author":1,"featured_media":0,"parent":0,"menu_order":0,"comment_status":"closed","ping_status":"closed","template":"","meta":[],"_links":{"self":[{"href":"https:\/\/cmdh.bahiadebanderas.gob.mx\/index.php\/wp-json\/wp\/v2\/pages\/759"}],"collection":[{"href":"https:\/\/cmdh.bahiadebanderas.gob.mx\/index.php\/wp-json\/wp\/v2\/pages"}],"about":[{"href":"https:\/\/cmdh.bahiadebanderas.gob.mx\/index.php\/wp-json\/wp\/v2\/types\/page"}],"author":[{"embeddable":true,"href":"https:\/\/cmdh.bahiadebanderas.gob.mx\/index.php\/wp-json\/wp\/v2\/users\/1"}],"replies":[{"embeddable":true,"href":"https:\/\/cmdh.bahiadebanderas.gob.mx\/index.php\/wp-json\/wp\/v2\/comments?post=759"}],"version-history":[{"count":35,"href":"https:\/\/cmdh.bahiadebanderas.gob.mx\/index.php\/wp-json\/wp\/v2\/pages\/759\/revisions"}],"predecessor-version":[{"id":12329,"href":"https:\/\/cmdh.bahiadebanderas.gob.mx\/index.php\/wp-json\/wp\/v2\/pages\/759\/revisions\/12329"}],"wp:attachment":[{"href":"https:\/\/cmdh.bahiadebanderas.gob.mx\/index.php\/wp-json\/wp\/v2\/media?parent=759"}],"curies":[{"name":"wp","href":"https:\/\/api.w.org\/{rel}","templated":true}]}}