{"id":753,"date":"2020-10-28T12:11:01","date_gmt":"2020-10-28T18:11:01","guid":{"rendered":"https:\/\/cmdh.bahiadebanderas.gob.mx\/?page_id=753"},"modified":"2026-02-11T11:30:11","modified_gmt":"2026-02-11T17:30:11","slug":"xlvi-actas-de-sesiones","status":"publish","type":"page","link":"https:\/\/cmdh.bahiadebanderas.gob.mx\/index.php\/xlvi-actas-de-sesiones\/","title":{"rendered":"XLVI &#8211; Actas de sesiones"},"content":{"rendered":"<p><strong>XLVI. LAS ACTAS DE SESIONES ORDINARIAS Y EXTRAORDINARIAS, AS\u00cd COMO LAS OPINIONES Y RECOMENDACIONES QUE EMITAN, EN SU CASO, LOS CONSEJOS CONSULTIVOS.<\/strong><\/p>\n<p style=\"text-align: center;\"><strong>EJERCICIO 2025<\/strong><\/p>\n<p style=\"text-align: center;\"><strong>CUARTO TRIMESTRE<\/strong><\/p>\n<p>Formato XLVIa. Actas del Consejo Consultivo<\/p>\n<p><a href=\"https:\/\/cmdh.bahiadebanderas.gob.mx\/wp-content\/uploads\/2026\/02\/LTAIPEN_Art_33_Fr_XLVI_a.xlsx\">LTAIPEN_Art_33_Fr_XLVI_a<\/a><\/p>\n<p>Formato XLVIb. Opiniones y Recomendaciones del Consejo Consultivo<\/p>\n<p><a href=\"https:\/\/cmdh.bahiadebanderas.gob.mx\/wp-content\/uploads\/2026\/02\/LTAIPEN_Art_33_Fr_XLVI_b.xlsx\">LTAIPEN_Art_33_Fr_XLVI_b<\/a><\/p>\n<p style=\"text-align: center;\"><strong>TERCER TRIMESTRE<\/strong><\/p>\n<p>Formato XLVIa. Actas del Consejo Consultivo<\/p>\n<p><a href=\"https:\/\/cmdh.bahiadebanderas.gob.mx\/wp-content\/uploads\/2025\/11\/LTAIPEN_Art_33_Fr_XLVI_a.xlsx\">LTAIPEN_Art_33_Fr_XLVI_a<\/a><\/p>\n<p>Formato XLVIb. Opiniones y Recomendaciones del Consejo Consultivo<\/p>\n<p><a href=\"https:\/\/cmdh.bahiadebanderas.gob.mx\/wp-content\/uploads\/2025\/11\/LTAIPEN_Art_33_Fr_XLVI_b.xlsx\">LTAIPEN_Art_33_Fr_XLVI_b<\/a><\/p>\n<p style=\"text-align: center;\"><strong>PRIMER TRIMESTRE<\/strong><\/p>\n<p>Formato XLVIa. Actas del Consejo Consultivo<\/p>\n<p><a href=\"https:\/\/cmdh.bahiadebanderas.gob.mx\/wp-content\/uploads\/2025\/05\/LTAIPEN_Art_33_Fr_XLVI_a-2.xlsx\">LTAIPEN_Art_33_Fr_XLVI_a<\/a><\/p>\n<p>Formato XLVIb. Opiniones y Recomendaciones del Consejo Consultivo<\/p>\n<p><a href=\"https:\/\/cmdh.bahiadebanderas.gob.mx\/wp-content\/uploads\/2025\/05\/LTAIPEN_Art_33_Fr_XLVI_b-1.xlsx\">LTAIPEN_Art_33_Fr_XLVI_b<\/a><\/p>\n<style type=\"text\/css\" scoped=\"scoped\">.divider-69e79b94dd54b{ margin-top: 30px;margin-bottom:30px;width:100%;}.divider-69e79b94dd54b .divider-border{border-bottom-width:5px; border-color:#f2f2f2;}.divider-69e79b94dd54b .double-line.divider-inner-item .divider-inner{border-top-width: 5px; border-bottom-width: 5px;}.divider-69e79b94dd54b .divider-border.divider-inner-item .divider-inner{ border-bottom-width: 5px;} <\/style><div class=\" divider divider-69e79b94dd54b divider-shadow center\" id=\"\" style=\"margin-top:; margin-bottom:;\"><div class=\"divider-inner divider-border\"><\/div><\/div>\n<p style=\"text-align: center;\"><strong>EJERCICIO 2024<\/strong><\/p>\n<p style=\"text-align: center;\"><strong>CUARTO TRIMESTRE<\/strong><\/p>\n<p>Formato XLVIa. Actas del Consejo Consultivo<\/p>\n<p><a href=\"https:\/\/cmdh.bahiadebanderas.gob.mx\/wp-content\/uploads\/2025\/01\/LTAIPEN_Art_33_Fr_XLVI_a-2.xlsx\">LTAIPEN_Art_33_Fr_XLVI_a<\/a><\/p>\n<p>Formato XLVIb. Opiniones y Recomendaciones del Consejo Consultivo<\/p>\n<p><a href=\"https:\/\/cmdh.bahiadebanderas.gob.mx\/wp-content\/uploads\/2025\/01\/LTAIPEN_Art_33_Fr_XLVI_b-1.xlsx\">LTAIPEN_Art_33_Fr_XLVI_b<\/a><\/p>\n<p style=\"text-align: center;\"><strong>EJERCICIO 2024<\/strong><\/p>\n<p style=\"text-align: center;\"><strong>TERCER TRIMESTRE<\/strong><\/p>\n<p>Formato XLVIa. Actas del Consejo Consultivo<\/p>\n<p><a href=\"https:\/\/cmdh.bahiadebanderas.gob.mx\/wp-content\/uploads\/2024\/10\/LTAIPEN_Art_33_Fr_XLVI_a.xlsx\">LTAIPEN_Art_33_Fr_XLVI_a<\/a><\/p>\n<p>Formato XLVIb. Opiniones y Recomendaciones del Consejo Consultivo<\/p>\n<p><a href=\"https:\/\/cmdh.bahiadebanderas.gob.mx\/wp-content\/uploads\/2024\/10\/LTAIPEN_Art_33_Fr_XLVI_b.xlsx\">LTAIPEN_Art_33_Fr_XLVI_b<\/a><\/p>\n<p style=\"text-align: center;\">\n<p style=\"text-align: center;\"><strong>SEGUNDO TRIMESTRE<\/strong><\/p>\n<p>Formato XLVIa. Actas del Consejo Consultivo<\/p>\n<p><a href=\"https:\/\/cmdh.bahiadebanderas.gob.mx\/wp-content\/uploads\/2024\/07\/LTAIPEN_Art_33_Fr_XLVI_a-dq.xlsx\">LTAIPEN_Art_33_Fr_XLVI_a<\/a><\/p>\n<p>Formato XLVIb. Opiniones y Recomendaciones del Consejo Consultivo<\/p>\n<p><a href=\"https:\/\/cmdh.bahiadebanderas.gob.mx\/wp-content\/uploads\/2024\/07\/LTAIPEN_Art_33_Fr_XLVI_b-dq.xlsx\">LTAIPEN_Art_33_Fr_XLVI_b<\/a><\/p>\n<p style=\"text-align: center;\"><strong>PRIMER TRIMESTRE<\/strong><\/p>\n<p>Formato XLVIa. Actas del Consejo Consultivo<\/p>\n<p><a href=\"https:\/\/cmdh.bahiadebanderas.gob.mx\/wp-content\/uploads\/2024\/04\/LTAIPEN_Art_33_Fr_XLVI_a-11.xlsx\">LTAIPEN_Art_33_Fr_XLVI_a<\/a><\/p>\n<p>Formato XLVIb. Opiniones y Recomendaciones del Consejo Consultivo<\/p>\n<p><a href=\"https:\/\/cmdh.bahiadebanderas.gob.mx\/wp-content\/uploads\/2024\/04\/LTAIPEN_Art_33_Fr_XLVI_b-9.xlsx\">LTAIPEN_Art_33_Fr_XLVI_b<\/a><\/p>\n<style type=\"text\/css\" scoped=\"scoped\">.divider-69e79b94dd5b5{ margin-top: 30px;margin-bottom:30px;width:100%;}.divider-69e79b94dd5b5 .divider-border{border-bottom-width:5px; border-color:#f2f2f2;}.divider-69e79b94dd5b5 .double-line.divider-inner-item .divider-inner{border-top-width: 5px; border-bottom-width: 5px;}.divider-69e79b94dd5b5 .divider-border.divider-inner-item .divider-inner{ border-bottom-width: 5px;} <\/style><div class=\" divider divider-69e79b94dd5b5 divider-shadow center\" id=\"\" style=\"margin-top:; margin-bottom:;\"><div class=\"divider-inner divider-border\"><\/div><\/div>\n<p>Periodo de actualizaci\u00f3n: Trimestral<\/p>\n<p>Ultima actualizaci\u00f3n: 09 de Febrero del 2026<\/p>\n<p>Conservaci\u00f3n: Ejercicio en curso y Ejercicio anterior.<\/p>\n<p>\u00c1rea que genera la informaci\u00f3n: Visitadur\u00eda General<\/p>\n","protected":false},"excerpt":{"rendered":"<p>XLVI. LAS ACTAS DE SESIONES ORDINARIAS Y EXTRAORDINARIAS, AS\u00cd COMO LAS OPINIONES Y RECOMENDACIONES QUE EMITAN, EN SU CASO, LOS CONSEJOS CONSULTIVOS. EJERCICIO 2025 CUARTO TRIMESTRE Formato XLVIa. Actas del Consejo Consultivo LTAIPEN_Art_33_Fr_XLVI_a Formato XLVIb. Opiniones y Recomendaciones del Consejo Consultivo LTAIPEN_Art_33_Fr_XLVI_b TERCER TRIMESTRE Formato XLVIa. Actas del Consejo Consultivo LTAIPEN_Art_33_Fr_XLVI_a Formato XLVIb. Opiniones y Recomendaciones del Consejo Consultivo LTAIPEN_Art_33_Fr_XLVI_b PRIMER TRIMESTRE Formato XLVIa. Actas del Consejo Consultivo LTAIPEN_Art_33_Fr_XLVI_a Formato XLVIb. Opiniones y Recomendaciones del Consejo Consultivo LTAIPEN_Art_33_Fr_XLVI_b EJERCICIO 2024 CUARTO TRIMESTRE Formato XLVIa. Actas del Consejo Consultivo LTAIPEN_Art_33_Fr_XLVI_a Formato XLVIb. Opiniones y Recomendaciones del Consejo Consultivo LTAIPEN_Art_33_Fr_XLVI_b EJERCICIO 2024 TERCER TRIMESTRE Formato XLVIa. Actas del Consejo Consultivo LTAIPEN_Art_33_Fr_XLVI_a Formato XLVIb. Opiniones y Recomendaciones del Consejo Consultivo LTAIPEN_Art_33_Fr_XLVI_b SEGUNDO TRIMESTRE Formato XLVIa. Actas del Consejo Consultivo LTAIPEN_Art_33_Fr_XLVI_a Formato XLVIb. Opiniones y Recomendaciones del Consejo Consultivo LTAIPEN_Art_33_Fr_XLVI_b PRIMER TRIMESTRE Formato XLVIa. Actas del Consejo Consultivo LTAIPEN_Art_33_Fr_XLVI_a Formato XLVIb. Opiniones y Recomendaciones del Consejo Consultivo LTAIPEN_Art_33_Fr_XLVI_b Periodo de actualizaci\u00f3n: Trimestral Ultima actualizaci\u00f3n: 09 de Febrero del 2026 Conservaci\u00f3n: Ejercicio en curso y Ejercicio anterior. \u00c1rea que genera la informaci\u00f3n: Visitadur\u00eda General<\/p>\n","protected":false},"author":1,"featured_media":0,"parent":0,"menu_order":0,"comment_status":"closed","ping_status":"closed","template":"","meta":[],"_links":{"self":[{"href":"https:\/\/cmdh.bahiadebanderas.gob.mx\/index.php\/wp-json\/wp\/v2\/pages\/753"}],"collection":[{"href":"https:\/\/cmdh.bahiadebanderas.gob.mx\/index.php\/wp-json\/wp\/v2\/pages"}],"about":[{"href":"https:\/\/cmdh.bahiadebanderas.gob.mx\/index.php\/wp-json\/wp\/v2\/types\/page"}],"author":[{"embeddable":true,"href":"https:\/\/cmdh.bahiadebanderas.gob.mx\/index.php\/wp-json\/wp\/v2\/users\/1"}],"replies":[{"embeddable":true,"href":"https:\/\/cmdh.bahiadebanderas.gob.mx\/index.php\/wp-json\/wp\/v2\/comments?post=753"}],"version-history":[{"count":46,"href":"https:\/\/cmdh.bahiadebanderas.gob.mx\/index.php\/wp-json\/wp\/v2\/pages\/753\/revisions"}],"predecessor-version":[{"id":12321,"href":"https:\/\/cmdh.bahiadebanderas.gob.mx\/index.php\/wp-json\/wp\/v2\/pages\/753\/revisions\/12321"}],"wp:attachment":[{"href":"https:\/\/cmdh.bahiadebanderas.gob.mx\/index.php\/wp-json\/wp\/v2\/media?parent=753"}],"curies":[{"name":"wp","href":"https:\/\/api.w.org\/{rel}","templated":true}]}}