{"id":596,"date":"2020-06-24T11:17:46","date_gmt":"2020-06-24T17:17:46","guid":{"rendered":"https:\/\/cmdh.bahiadebanderas.gob.mx\/?page_id=596"},"modified":"2026-08-14T09:34:57","modified_gmt":"2026-08-14T15:34:57","slug":"xxxiii-convenios-de-coordinacion","status":"publish","type":"page","link":"https:\/\/cmdh.bahiadebanderas.gob.mx\/index.php\/xxxiii-convenios-de-coordinacion\/","title":{"rendered":"XXXI &#8211; Convenios de Coordinaci\u00f3n"},"content":{"rendered":"<h4>XXXI. Los convenios de coordinaci\u00f3n de concertaci\u00f3n con los sectores social y privado<\/h4>\n<h4 style=\"text-align: center;\">EJERCICIO 2026<\/h4>\n<p style=\"text-align: center;\"><strong>SEGUNDO TRIMESTRE<\/strong><\/p>\n<p>Formato XXXI. Convenios de Coordinaci\u00f3n de Concertaci\u00f3n con el Sector Social o Privado<\/p>\n<p><a href=\"https:\/\/cmdh.bahiadebanderas.gob.mx\/wp-content\/uploads\/2026\/08\/carga-datos_502332_2026-08-14T16_32_42.214Z.xlsx\">LTAIPEN_Art_55_Fr_XXXI<\/a><strong>\u00a0<\/strong><\/p>\n<p style=\"text-align: center;\"><strong>PRIMER TRIMESTRE<\/strong><\/p>\n<p>Formato XXXIII. Convenios de Coordinaci\u00f3n de Concertaci\u00f3n con el Sector Social o Privado<\/p>\n<p><a href=\"https:\/\/cmdh.bahiadebanderas.gob.mx\/wp-content\/uploads\/2026\/05\/LTAIPEN_Art_33_Fr_XXXIII.xlsx\">LTAIPEN_Art_33_Fr_XXXIII<\/a><strong>\u00a0<\/strong><\/p>\n<style type=\"text\/css\" scoped=\"scoped\">.divider-6a98e8295d8c7{ margin-top: 30px;margin-bottom:30px;width:100%;}.divider-6a98e8295d8c7 .divider-border{border-bottom-width:5px; border-color:#f2f2f2;}.divider-6a98e8295d8c7 .double-line.divider-inner-item .divider-inner{border-top-width: 5px; border-bottom-width: 5px;}.divider-6a98e8295d8c7 .divider-border.divider-inner-item .divider-inner{ border-bottom-width: 5px;} <\/style><div class=\" divider divider-6a98e8295d8c7 divider-shadow center\" id=\"\" style=\"margin-top:; margin-bottom:;\"><div class=\"divider-inner divider-border\"><\/div><\/div>\n<h3 style=\"text-align: center;\">EJERCICIO 2025<\/h3>\n<p style=\"text-align: center;\"><strong>CUARTO TRIMESTRE<\/strong><\/p>\n<p>Formato XXXIII. Convenios de Coordinaci\u00f3n de Concertaci\u00f3n con el Sector Social o Privado<\/p>\n<p><a href=\"https:\/\/cmdh.bahiadebanderas.gob.mx\/wp-content\/uploads\/2026\/02\/LTAIPEN_Art_33_Fr_XXXIII.xlsx\">LTAIPEN_Art_33_Fr_XXXIII<\/a><strong>\u00a0<\/strong><\/p>\n<p style=\"text-align: center;\"><strong>TERCER TRIMESTRE<\/strong><\/p>\n<p>Formato XXXIII. Convenios de Coordinaci\u00f3n de Concertaci\u00f3n con el Sector Social o Privado<\/p>\n<p><a href=\"https:\/\/cmdh.bahiadebanderas.gob.mx\/wp-content\/uploads\/2025\/11\/LTAIPEN_Art_33_Fr_XXXIII.xlsx\">LTAIPEN_Art_33_Fr_XXXIII<\/a><strong>\u00a0<\/strong><\/p>\n<p style=\"text-align: center;\"><strong>PRIMER TRIMESTRE<\/strong><\/p>\n<p>Formato XXXIII. Convenios de Coordinaci\u00f3n de Concertaci\u00f3n con el Sector Social o Privado<\/p>\n<p><a href=\"https:\/\/cmdh.bahiadebanderas.gob.mx\/wp-content\/uploads\/2025\/05\/LTAIPEN_Art_33_Fr_XXXIII-2.xlsx\">LTAIPEN_Art_33_Fr_XXXIII<\/a><strong>\u00a0<\/strong><\/p>\n<style type=\"text\/css\" scoped=\"scoped\">.divider-6a98e8295d921{ margin-top: 30px;margin-bottom:30px;width:100%;}.divider-6a98e8295d921 .divider-border{border-bottom-width:5px; border-color:#f2f2f2;}.divider-6a98e8295d921 .double-line.divider-inner-item .divider-inner{border-top-width: 5px; border-bottom-width: 5px;}.divider-6a98e8295d921 .divider-border.divider-inner-item .divider-inner{ border-bottom-width: 5px;} <\/style><div class=\" divider divider-6a98e8295d921 divider-shadow center\" id=\"\" style=\"margin-top:; margin-bottom:;\"><div class=\"divider-inner divider-border\"><\/div><\/div>\n\n\n<p>Periodo de actualizaci\u00f3n: Trimestral<\/p>\n\n\n\n<p>Ultima actualizaci\u00f3n: 12 de agosto del 2026<\/p>\n\n\n\n<p>Conservaci\u00f3n: Ejercicio en curso y 1 ejercicio anterior. <\/p>\n\n\n\n<p>\u00c1rea que genera la informaci\u00f3n: Presidente<\/p>\n","protected":false},"excerpt":{"rendered":"<p>XXXI. Los convenios de coordinaci\u00f3n de concertaci\u00f3n con los sectores social y privado EJERCICIO 2026 SEGUNDO TRIMESTRE Formato XXXI. Convenios de Coordinaci\u00f3n de Concertaci\u00f3n con el Sector Social o Privado LTAIPEN_Art_55_Fr_XXXI\u00a0 PRIMER TRIMESTRE Formato XXXIII. Convenios de Coordinaci\u00f3n de Concertaci\u00f3n con el Sector Social o Privado LTAIPEN_Art_33_Fr_XXXIII\u00a0 EJERCICIO 2025 CUARTO TRIMESTRE Formato XXXIII. Convenios de Coordinaci\u00f3n de Concertaci\u00f3n con el Sector Social o Privado LTAIPEN_Art_33_Fr_XXXIII\u00a0 TERCER TRIMESTRE Formato XXXIII. Convenios de Coordinaci\u00f3n de Concertaci\u00f3n con el Sector Social o Privado LTAIPEN_Art_33_Fr_XXXIII\u00a0 PRIMER TRIMESTRE Formato XXXIII. Convenios de Coordinaci\u00f3n de Concertaci\u00f3n con el Sector Social o Privado LTAIPEN_Art_33_Fr_XXXIII\u00a0 Periodo de actualizaci\u00f3n: Trimestral Ultima actualizaci\u00f3n: 12 de agosto del 2026 Conservaci\u00f3n: Ejercicio en curso y 1 ejercicio anterior. \u00c1rea que genera la informaci\u00f3n: Presidente<\/p>\n","protected":false},"author":1,"featured_media":0,"parent":0,"menu_order":0,"comment_status":"closed","ping_status":"closed","template":"","meta":[],"_links":{"self":[{"href":"https:\/\/cmdh.bahiadebanderas.gob.mx\/index.php\/wp-json\/wp\/v2\/pages\/596"}],"collection":[{"href":"https:\/\/cmdh.bahiadebanderas.gob.mx\/index.php\/wp-json\/wp\/v2\/pages"}],"about":[{"href":"https:\/\/cmdh.bahiadebanderas.gob.mx\/index.php\/wp-json\/wp\/v2\/types\/page"}],"author":[{"embeddable":true,"href":"https:\/\/cmdh.bahiadebanderas.gob.mx\/index.php\/wp-json\/wp\/v2\/users\/1"}],"replies":[{"embeddable":true,"href":"https:\/\/cmdh.bahiadebanderas.gob.mx\/index.php\/wp-json\/wp\/v2\/comments?post=596"}],"version-history":[{"count":54,"href":"https:\/\/cmdh.bahiadebanderas.gob.mx\/index.php\/wp-json\/wp\/v2\/pages\/596\/revisions"}],"predecessor-version":[{"id":12979,"href":"https:\/\/cmdh.bahiadebanderas.gob.mx\/index.php\/wp-json\/wp\/v2\/pages\/596\/revisions\/12979"}],"wp:attachment":[{"href":"https:\/\/cmdh.bahiadebanderas.gob.mx\/index.php\/wp-json\/wp\/v2\/media?parent=596"}],"curies":[{"name":"wp","href":"https:\/\/api.w.org\/{rel}","templated":true}]}}

XXXI &#8211; Convenios de Coordinación

<h4>XXXI. Los convenios de coordinación de concertación con los sectores social y privado</h4>
<h4 style="text-align: center;">EJERCICIO 2026</h4>
<p style="text-align: center;"><strong>SEGUNDO TRIMESTRE</strong></p>
<p>Formato XXXI. Convenios de Coordinación de Concertación con el Sector Social o Privado</p>
<p><a href="https://cmdh.bahiadebanderas.gob.mx/wp-content/uploads/2026/08/carga-datos_502332_2026-08-14T16_32_42.214Z.xlsx">LTAIPEN_Art_55_Fr_XXXI</a><strong> </strong></p>
<p style="text-align: center;"><strong>PRIMER TRIMESTRE</strong></p>
<p>Formato XXXIII. Convenios de Coordinación de Concertación con el Sector Social o Privado</p>
<p><a href="https://cmdh.bahiadebanderas.gob.mx/wp-content/uploads/2026/05/LTAIPEN_Art_33_Fr_XXXIII.xlsx">LTAIPEN_Art_33_Fr_XXXIII</a><strong> </strong></p>
<style type="text/css" scoped="scoped">.divider-6a98e8295d8c7{ margin-top: 30px;margin-bottom:30px;width:100%;}.divider-6a98e8295d8c7 .divider-border{border-bottom-width:5px; border-color:#f2f2f2;}.divider-6a98e8295d8c7 .double-line.divider-inner-item .divider-inner{border-top-width: 5px; border-bottom-width: 5px;}.divider-6a98e8295d8c7 .divider-border.divider-inner-item .divider-inner{ border-bottom-width: 5px;} </style><div class=" divider divider-6a98e8295d8c7 divider-shadow center" id="" style="margin-top:; margin-bottom:;"><div class="divider-inner divider-border"></div></div>
<h3 style="text-align: center;">EJERCICIO 2025</h3>
<p style="text-align: center;"><strong>CUARTO TRIMESTRE</strong></p>
<p>Formato XXXIII. Convenios de Coordinación de Concertación con el Sector Social o Privado</p>
<p><a href="https://cmdh.bahiadebanderas.gob.mx/wp-content/uploads/2026/02/LTAIPEN_Art_33_Fr_XXXIII.xlsx">LTAIPEN_Art_33_Fr_XXXIII</a><strong> </strong></p>
<p style="text-align: center;"><strong>TERCER TRIMESTRE</strong></p>
<p>Formato XXXIII. Convenios de Coordinación de Concertación con el Sector Social o Privado</p>
<p><a href="https://cmdh.bahiadebanderas.gob.mx/wp-content/uploads/2025/11/LTAIPEN_Art_33_Fr_XXXIII.xlsx">LTAIPEN_Art_33_Fr_XXXIII</a><strong> </strong></p>
<p style="text-align: center;"><strong>PRIMER TRIMESTRE</strong></p>
<p>Formato XXXIII. Convenios de Coordinación de Concertación con el Sector Social o Privado</p>
<p><a href="https://cmdh.bahiadebanderas.gob.mx/wp-content/uploads/2025/05/LTAIPEN_Art_33_Fr_XXXIII-2.xlsx">LTAIPEN_Art_33_Fr_XXXIII</a><strong> </strong></p>
<style type="text/css" scoped="scoped">.divider-6a98e8295d921{ margin-top: 30px;margin-bottom:30px;width:100%;}.divider-6a98e8295d921 .divider-border{border-bottom-width:5px; border-color:#f2f2f2;}.divider-6a98e8295d921 .double-line.divider-inner-item .divider-inner{border-top-width: 5px; border-bottom-width: 5px;}.divider-6a98e8295d921 .divider-border.divider-inner-item .divider-inner{ border-bottom-width: 5px;} </style><div class=" divider divider-6a98e8295d921 divider-shadow center" id="" style="margin-top:; margin-bottom:;"><div class="divider-inner divider-border"></div></div>


<p>Periodo de actualización: Trimestral</p>



<p>Ultima actualización: 12 de agosto del 2026</p>



<p>Conservación: Ejercicio en curso y 1 ejercicio anterior. </p>



<p>Área que genera la información: Presidente</p>

<p>XXXI. Los convenios de coordinación de concertación con los sectores social y privado EJERCICIO 2026 SEGUNDO TRIMESTRE Formato XXXI. Convenios de Coordinación de Concertación con el Sector Social o Privado LTAIPEN_Art_55_Fr_XXXI  PRIMER TRIMESTRE Formato XXXIII. Convenios de Coordinación de Concertación con el Sector Social o Privado LTAIPEN_Art_33_Fr_XXXIII  EJERCICIO 2025 CUARTO TRIMESTRE Formato XXXIII. Convenios de Coordinación de Concertación con el Sector Social o Privado LTAIPEN_Art_33_Fr_XXXIII  TERCER TRIMESTRE Formato XXXIII. Convenios de Coordinación de Concertación con el Sector Social o Privado LTAIPEN_Art_33_Fr_XXXIII  PRIMER TRIMESTRE Formato XXXIII. Convenios de Coordinación de Concertación con el Sector Social o Privado LTAIPEN_Art_33_Fr_XXXIII  Periodo de actualización: Trimestral Ultima actualización: 12 de agosto del 2026 Conservación: Ejercicio en curso y 1 ejercicio anterior. Área que genera la información: Presidente</p>
