{"id":500,"date":"2020-06-03T13:24:16","date_gmt":"2020-06-03T19:24:16","guid":{"rendered":"https:\/\/cmdh.bahiadebanderas.gob.mx\/?page_id=500"},"modified":"2026-02-04T10:32:52","modified_gmt":"2026-02-04T16:32:52","slug":"xix-servicios-que-ofrece","status":"publish","type":"page","link":"https:\/\/cmdh.bahiadebanderas.gob.mx\/index.php\/xix-servicios-que-ofrece\/","title":{"rendered":"XIX &#8211; Servicios que Ofrece"},"content":{"rendered":"<h4>\u00a0<strong>XIX. LOS SERVICIOS QUE OFRECE Y LOS PROGRAMAS QUE ADMINISTRA, SE\u00d1ALANDO LOS REQUISITOS PARA ACCEDER A ELLOS<\/strong><\/h4>\n<style type=\"text\/css\" scoped=\"scoped\">.divider-69e79bd439d67{ margin-top: 30px;margin-bottom:30px;width:100%;}.divider-69e79bd439d67 .divider-border{border-bottom-width:5px; border-color:#f2f2f2;}.divider-69e79bd439d67 .double-line.divider-inner-item .divider-inner{border-top-width: 5px; border-bottom-width: 5px;}.divider-69e79bd439d67 .divider-border.divider-inner-item .divider-inner{ border-bottom-width: 5px;} <\/style><div class=\" divider divider-69e79bd439d67 divider-shadow center\" id=\"\" style=\"margin-top:; margin-bottom:;\"><div class=\"divider-inner divider-border\"><\/div><\/div>\n<p style=\"text-align: center;\"><strong>EJERCICIO 2025<\/strong><\/p>\n<p style=\"text-align: center;\"><strong>CUARTO TRIMESTRE<\/strong><\/p>\n<p>Formato XIXa. Servicios que Ofrece<\/p>\n<p><a href=\"https:\/\/cmdh.bahiadebanderas.gob.mx\/wp-content\/uploads\/2026\/02\/LTAIPEN_Art_33_Fr_XIX.xlsx\">LTAIPEN_Art_33_Fr_XIX<\/a><\/p>\n<p>Formato XIXb. Programas que Administra<\/p>\n<p><a href=\"https:\/\/cmdh.bahiadebanderas.gob.mx\/wp-content\/uploads\/2026\/02\/LTAIPEN_Art_33_Fr_XIX_b.xlsx\">LTAIPEN_Art_33_Fr_XIX_b<\/a><\/p>\n<p>Formato XIXc. Lugares para Reportar Presuntas Anomal\u00edas<\/p>\n<p><a href=\"https:\/\/cmdh.bahiadebanderas.gob.mx\/wp-content\/uploads\/2026\/02\/LTAIPEN_Art_33_Fr_XIX_c.xlsx\">LTAIPEN_Art_33_Fr_XIX_c<\/a><\/p>\n<style type=\"text\/css\" scoped=\"scoped\">.divider-69e79bd439dbf{ margin-top: 30px;margin-bottom:30px;width:100%;}.divider-69e79bd439dbf .divider-border{border-bottom-width:5px; border-color:#f2f2f2;}.divider-69e79bd439dbf .double-line.divider-inner-item .divider-inner{border-top-width: 5px; border-bottom-width: 5px;}.divider-69e79bd439dbf .divider-border.divider-inner-item .divider-inner{ border-bottom-width: 5px;} <\/style><div class=\" divider divider-69e79bd439dbf divider-shadow center\" id=\"\" style=\"margin-top:; margin-bottom:;\"><div class=\"divider-inner divider-border\"><\/div><\/div>\n<p>Periodo de actualizaci\u00f3n: Trimestral<\/p>\n<p>Ultima actualizaci\u00f3n: 04 de Febrero del 2026<\/p>\n<p>Conservaci\u00f3n: Informaci\u00f3n Vigente<\/p>\n<p>\u00c1rea que genera la informaci\u00f3n: Presidencia<\/p>\n","protected":false},"excerpt":{"rendered":"<p>\u00a0XIX. LOS SERVICIOS QUE OFRECE Y LOS PROGRAMAS QUE ADMINISTRA, SE\u00d1ALANDO LOS REQUISITOS PARA ACCEDER A ELLOS EJERCICIO 2025 CUARTO TRIMESTRE Formato XIXa. Servicios que Ofrece LTAIPEN_Art_33_Fr_XIX Formato XIXb. Programas que Administra LTAIPEN_Art_33_Fr_XIX_b Formato XIXc. Lugares para Reportar Presuntas Anomal\u00edas LTAIPEN_Art_33_Fr_XIX_c Periodo de actualizaci\u00f3n: Trimestral Ultima actualizaci\u00f3n: 04 de Febrero del 2026 Conservaci\u00f3n: Informaci\u00f3n Vigente \u00c1rea que genera la informaci\u00f3n: Presidencia<\/p>\n","protected":false},"author":1,"featured_media":0,"parent":0,"menu_order":0,"comment_status":"closed","ping_status":"closed","template":"","meta":[],"_links":{"self":[{"href":"https:\/\/cmdh.bahiadebanderas.gob.mx\/index.php\/wp-json\/wp\/v2\/pages\/500"}],"collection":[{"href":"https:\/\/cmdh.bahiadebanderas.gob.mx\/index.php\/wp-json\/wp\/v2\/pages"}],"about":[{"href":"https:\/\/cmdh.bahiadebanderas.gob.mx\/index.php\/wp-json\/wp\/v2\/types\/page"}],"author":[{"embeddable":true,"href":"https:\/\/cmdh.bahiadebanderas.gob.mx\/index.php\/wp-json\/wp\/v2\/users\/1"}],"replies":[{"embeddable":true,"href":"https:\/\/cmdh.bahiadebanderas.gob.mx\/index.php\/wp-json\/wp\/v2\/comments?post=500"}],"version-history":[{"count":41,"href":"https:\/\/cmdh.bahiadebanderas.gob.mx\/index.php\/wp-json\/wp\/v2\/pages\/500\/revisions"}],"predecessor-version":[{"id":12241,"href":"https:\/\/cmdh.bahiadebanderas.gob.mx\/index.php\/wp-json\/wp\/v2\/pages\/500\/revisions\/12241"}],"wp:attachment":[{"href":"https:\/\/cmdh.bahiadebanderas.gob.mx\/index.php\/wp-json\/wp\/v2\/media?parent=500"}],"curies":[{"name":"wp","href":"https:\/\/api.w.org\/{rel}","templated":true}]}}