{"id":4695,"date":"2022-12-13T09:36:43","date_gmt":"2022-12-13T15:36:43","guid":{"rendered":"https:\/\/cmdh.bahiadebanderas.gob.mx\/?page_id=4695"},"modified":"2022-12-13T15:18:15","modified_gmt":"2022-12-13T21:18:15","slug":"subserie-pre-1-2-1-exp-secretaria-ejecutiva","status":"publish","type":"page","link":"https:\/\/cmdh.bahiadebanderas.gob.mx\/index.php\/subserie-pre-1-2-1-exp-secretaria-ejecutiva\/","title":{"rendered":"Subserie. &#8211; Pre 1.2.1. Exp. Secretaria Ejecutiva"},"content":{"rendered":"<h1><em><strong>SECRETARIA EJECUTIVA<\/strong><\/em><\/h1>\n<h2>LIC. MARIA DEL REFUGIO FREGOSO CAMBA<\/h2>\n<p class=\"has-text-align-left\" style=\"text-align: left;\">El 26 de Septiembre tome posesi\u00f3n como Secretaria Ejecutiva\u00a0 de la Comisi\u00f3n Municipal de los Derechos Humanos de Bah\u00eda de Banderas, Nayarit. A partir de ese momento inicio un reto personal que tendr\u00e1 impacto en mi experiencia laboral ya que al ser defensora \u201combudsman\u201d de los derechos humanos en Bah\u00eda de Banderas es mi obligaci\u00f3n la procuraci\u00f3n de salvaguardar\u00a0 la dignidad del ser humano as\u00ed como generar una cultura de conocimiento y respeto a los derechos humanos de cada habitante. Mi tarea ser\u00e1 ejercer la protecci\u00f3n de los derechos humanos atreves de mecanismos como divulgaci\u00f3n\u00a0 y promoci\u00f3n a trav\u00e9s de\u00a0 capacitaciones y\/o platicas a diferentes instituciones, dependencias y poblaci\u00f3n en general con el fin de enriquecer el acervo documental de la Comisi\u00f3n Municipal de los Derechos Humanos, de conformidad con los principios de Universidad, Interdependencia, Indivisibilidad y Progresividad que nos demanda el derecho y la justicia sin distinci\u00f3n alguna por causa de genero, sexo, edad, raza, credo condici\u00f3n social, condici\u00f3n econ\u00f3mica, estado civil o cualquier otra condici\u00f3n que sujete a cualquier persona a situaciones de vulnerabilidad por el menoscabo de sus derechos o libertades.<\/p>\n<p style=\"text-align: left;\">La Comisi\u00f3n Municipal de Derechos Humanos de Bah\u00eda de Banderas desde su fundaci\u00f3n en el a\u00f1o de 2009, se creo con el fin\u00a0 de auxiliar a los bahiabadenses en la defensa y promoci\u00f3n de la legalidad, eficacia y honradez de los actos de autoridades y de la prestaci\u00f3n de de los servicios p\u00fablicos municipales, de conformidad con las leyes y reglamentos.<\/p>\n","protected":false},"excerpt":{"rendered":"<p>SECRETARIA EJECUTIVA LIC. MARIA DEL REFUGIO FREGOSO CAMBA El 26 de Septiembre tome posesi\u00f3n como Secretaria Ejecutiva\u00a0 de la Comisi\u00f3n Municipal de los Derechos Humanos de Bah\u00eda de Banderas, Nayarit. A partir de ese momento inicio un reto personal que tendr\u00e1 impacto en mi experiencia laboral ya que al ser defensora \u201combudsman\u201d de los derechos humanos en Bah\u00eda de Banderas es mi obligaci\u00f3n la procuraci\u00f3n de salvaguardar\u00a0 la dignidad del ser humano as\u00ed como generar una cultura de conocimiento y respeto a los derechos humanos de cada habitante. Mi tarea ser\u00e1 ejercer la protecci\u00f3n de los derechos humanos atreves de mecanismos como divulgaci\u00f3n\u00a0 y promoci\u00f3n a trav\u00e9s de\u00a0 capacitaciones y\/o platicas a diferentes instituciones, dependencias y poblaci\u00f3n en general con el fin de enriquecer el acervo documental de la Comisi\u00f3n Municipal de los Derechos Humanos, de conformidad con los principios de Universidad, Interdependencia, Indivisibilidad y Progresividad que nos demanda el derecho y la justicia sin distinci\u00f3n alguna por causa de genero, sexo, edad, raza, credo condici\u00f3n social, condici\u00f3n econ\u00f3mica, estado civil o cualquier otra condici\u00f3n que sujete a cualquier persona a situaciones de vulnerabilidad por el menoscabo de sus derechos o libertades. La Comisi\u00f3n Municipal de Derechos Humanos de Bah\u00eda de Banderas desde su fundaci\u00f3n en el a\u00f1o de 2009, se creo con el fin\u00a0 de auxiliar a los bahiabadenses en la defensa y promoci\u00f3n de la legalidad, eficacia y honradez de los actos de autoridades y de la prestaci\u00f3n de de los servicios p\u00fablicos municipales, de conformidad con las leyes y reglamentos.<\/p>\n","protected":false},"author":1,"featured_media":0,"parent":0,"menu_order":0,"comment_status":"closed","ping_status":"closed","template":"","meta":[],"_links":{"self":[{"href":"https:\/\/cmdh.bahiadebanderas.gob.mx\/index.php\/wp-json\/wp\/v2\/pages\/4695"}],"collection":[{"href":"https:\/\/cmdh.bahiadebanderas.gob.mx\/index.php\/wp-json\/wp\/v2\/pages"}],"about":[{"href":"https:\/\/cmdh.bahiadebanderas.gob.mx\/index.php\/wp-json\/wp\/v2\/types\/page"}],"author":[{"embeddable":true,"href":"https:\/\/cmdh.bahiadebanderas.gob.mx\/index.php\/wp-json\/wp\/v2\/users\/1"}],"replies":[{"embeddable":true,"href":"https:\/\/cmdh.bahiadebanderas.gob.mx\/index.php\/wp-json\/wp\/v2\/comments?post=4695"}],"version-history":[{"count":3,"href":"https:\/\/cmdh.bahiadebanderas.gob.mx\/index.php\/wp-json\/wp\/v2\/pages\/4695\/revisions"}],"predecessor-version":[{"id":4757,"href":"https:\/\/cmdh.bahiadebanderas.gob.mx\/index.php\/wp-json\/wp\/v2\/pages\/4695\/revisions\/4757"}],"wp:attachment":[{"href":"https:\/\/cmdh.bahiadebanderas.gob.mx\/index.php\/wp-json\/wp\/v2\/media?parent=4695"}],"curies":[{"name":"wp","href":"https:\/\/api.w.org\/{rel}","templated":true}]}}