{"id":469,"date":"2020-06-01T13:21:40","date_gmt":"2020-06-01T19:21:40","guid":{"rendered":"https:\/\/cmdh.bahiadebanderas.gob.mx\/?page_id=469"},"modified":"2026-02-04T09:58:10","modified_gmt":"2026-02-04T15:58:10","slug":"x-numero-total-de-plazas","status":"publish","type":"page","link":"https:\/\/cmdh.bahiadebanderas.gob.mx\/index.php\/x-numero-total-de-plazas\/","title":{"rendered":"X &#8211; N\u00famero Total de Plazas"},"content":{"rendered":"<h4 style=\"text-align: center;\"><strong>X. EL N\u00daMERO DE PLAZAS Y DEL PERSONAL DE BASE Y DE CONFIANZA<\/strong><\/h4>\n<p style=\"text-align: center;\"><strong>EJERCICIO 2025<\/strong><\/p>\n<p style=\"text-align: center;\"><strong>CUARTO TRIMESTRE<\/strong><\/p>\n<p>Formato Xa. Plazas Vacantes del Personal de Base y de Confianza<\/p>\n<p><a href=\"https:\/\/cmdh.bahiadebanderas.gob.mx\/wp-content\/uploads\/2026\/02\/LTAIPEN_Art_33_Fr_X_a.xlsx\">LTAIPEN_Art_33_Fr_X_a<\/a><\/p>\n<p>Formato Xb. Total de Plazas Ocupadas y Vacantes del Personal de Base y de Confianza<\/p>\n<p><a href=\"https:\/\/cmdh.bahiadebanderas.gob.mx\/wp-content\/uploads\/2026\/02\/LTAIPEN_Art_33_Fr_X_b.xlsx\">LTAIPEN_Art_33_Fr_X_b<\/a><\/p>\n<p><a href=\"#\"><style type=\"text\/css\" scoped=\"scoped\">.divider-69e79bb51f176{ margin-top: 30px;margin-bottom:30px;width:100%;}.divider-69e79bb51f176 .divider-border{border-bottom-width:5px; border-color:#f2f2f2;}.divider-69e79bb51f176 .double-line.divider-inner-item .divider-inner{border-top-width: 5px; border-bottom-width: 5px;}.divider-69e79bb51f176 .divider-border.divider-inner-item .divider-inner{ border-bottom-width: 5px;} <\/style><div class=\" divider divider-69e79bb51f176 divider-shadow center\" id=\"\" style=\"margin-top:; margin-bottom:;\"><div class=\"divider-inner divider-border\"><\/div><\/div><\/a><\/p>\n<p style=\"text-align: center;\"><strong>EJERCICIO 2024<\/strong><\/p>\n<p style=\"text-align: center;\"><strong>CUARTO TRIMESTRE<\/strong><\/p>\n<p>Formato Xa. Plazas Vacantes del Personal de Base y de Confianza<\/p>\n<p><a href=\"https:\/\/cmdh.bahiadebanderas.gob.mx\/wp-content\/uploads\/2025\/01\/LTAIPEN_Art_33_Fr_X_a.xlsx\">LTAIPEN_Art_33_Fr_X_a<\/a><\/p>\n<p>Formato Xb. Total de Plazas Ocupadas y Vacantes del Personal de Base y de Confianza<\/p>\n<p><a href=\"https:\/\/cmdh.bahiadebanderas.gob.mx\/wp-content\/uploads\/2025\/01\/LTAIPEN_Art_33_Fr_X_b.xlsx\">LTAIPEN_Art_33_Fr_X_b<\/a><\/p>\n<p><a href=\"#\"><style type=\"text\/css\" scoped=\"scoped\">.divider-69e79bb51f1d0{ margin-top: 30px;margin-bottom:30px;width:100%;}.divider-69e79bb51f1d0 .divider-border{border-bottom-width:5px; border-color:#f2f2f2;}.divider-69e79bb51f1d0 .double-line.divider-inner-item .divider-inner{border-top-width: 5px; border-bottom-width: 5px;}.divider-69e79bb51f1d0 .divider-border.divider-inner-item .divider-inner{ border-bottom-width: 5px;} <\/style><div class=\" divider divider-69e79bb51f1d0 divider-shadow center\" id=\"\" style=\"margin-top:; margin-bottom:;\"><div class=\"divider-inner divider-border\"><\/div><\/div><\/a><\/p>\n<p>Periodo de actualizaci\u00f3n: Trimestral<\/p>\n<p>Ultima actualizaci\u00f3n: 04 de Febrero del 2026<\/p>\n<p>Conservaci\u00f3n: Vigente y ejercicio anterior.<\/p>\n<p>\u00c1rea que genera la informaci\u00f3n: Contabilidad<\/p>\n","protected":false},"excerpt":{"rendered":"<p>X. EL N\u00daMERO DE PLAZAS Y DEL PERSONAL DE BASE Y DE CONFIANZA EJERCICIO 2025 CUARTO TRIMESTRE Formato Xa. Plazas Vacantes del Personal de Base y de Confianza LTAIPEN_Art_33_Fr_X_a Formato Xb. Total de Plazas Ocupadas y Vacantes del Personal de Base y de Confianza LTAIPEN_Art_33_Fr_X_b EJERCICIO 2024 CUARTO TRIMESTRE Formato Xa. Plazas Vacantes del Personal de Base y de Confianza LTAIPEN_Art_33_Fr_X_a Formato Xb. Total de Plazas Ocupadas y Vacantes del Personal de Base y de Confianza LTAIPEN_Art_33_Fr_X_b Periodo de actualizaci\u00f3n: Trimestral Ultima actualizaci\u00f3n: 04 de Febrero del 2026 Conservaci\u00f3n: Vigente y ejercicio anterior. \u00c1rea que genera la informaci\u00f3n: Contabilidad<\/p>\n","protected":false},"author":1,"featured_media":0,"parent":0,"menu_order":0,"comment_status":"closed","ping_status":"closed","template":"","meta":[],"_links":{"self":[{"href":"https:\/\/cmdh.bahiadebanderas.gob.mx\/index.php\/wp-json\/wp\/v2\/pages\/469"}],"collection":[{"href":"https:\/\/cmdh.bahiadebanderas.gob.mx\/index.php\/wp-json\/wp\/v2\/pages"}],"about":[{"href":"https:\/\/cmdh.bahiadebanderas.gob.mx\/index.php\/wp-json\/wp\/v2\/types\/page"}],"author":[{"embeddable":true,"href":"https:\/\/cmdh.bahiadebanderas.gob.mx\/index.php\/wp-json\/wp\/v2\/users\/1"}],"replies":[{"embeddable":true,"href":"https:\/\/cmdh.bahiadebanderas.gob.mx\/index.php\/wp-json\/wp\/v2\/comments?post=469"}],"version-history":[{"count":45,"href":"https:\/\/cmdh.bahiadebanderas.gob.mx\/index.php\/wp-json\/wp\/v2\/pages\/469\/revisions"}],"predecessor-version":[{"id":12214,"href":"https:\/\/cmdh.bahiadebanderas.gob.mx\/index.php\/wp-json\/wp\/v2\/pages\/469\/revisions\/12214"}],"wp:attachment":[{"href":"https:\/\/cmdh.bahiadebanderas.gob.mx\/index.php\/wp-json\/wp\/v2\/media?parent=469"}],"curies":[{"name":"wp","href":"https:\/\/api.w.org\/{rel}","templated":true}]}}