{"id":460,"date":"2020-06-01T12:22:14","date_gmt":"2020-06-01T18:22:14","guid":{"rendered":"https:\/\/cmdh.bahiadebanderas.gob.mx\/?page_id=460"},"modified":"2026-02-04T09:20:41","modified_gmt":"2026-02-04T15:20:41","slug":"viii-remuneracion-de-servidores-publicos","status":"publish","type":"page","link":"https:\/\/cmdh.bahiadebanderas.gob.mx\/index.php\/viii-remuneracion-de-servidores-publicos\/","title":{"rendered":"VIII &#8211; Remuneraci\u00f3n de Servidores P\u00fablicos"},"content":{"rendered":"<h4><strong>VIII. REMUNERACI\u00d3N DE LOS SERVIDORES P\u00daBLICOS<\/strong><\/h4>\n<p style=\"text-align: center;\"><strong>EJERCICIO 2025<\/strong><\/p>\n<p style=\"text-align: center;\"><strong>CUARTO TRIMESTRE<\/strong><\/p>\n<p>Formato VIII. Remuneraci\u00f3n bruta y neta de todos los (as) servidores p\u00fablicos de base y de confianza<\/p>\n<p>Formato A: Remuneraci\u00f3n Bruta y Neta<\/p>\n<p><a href=\"https:\/\/cmdh.bahiadebanderas.gob.mx\/wp-content\/uploads\/2026\/02\/LTAIPEN_Art_33_Fr_VIII.xlsx\">LTAIPEN_Art_33_Fr_VIII-A<\/a><\/p>\n<p>Formato B: Tabulador de Sueldos y Salarios<\/p>\n<p><a href=\"https:\/\/cmdh.bahiadebanderas.gob.mx\/wp-content\/uploads\/2026\/02\/LTAIPEN_ART_33_Fr_VIII_B.xlsx\">LTAIPEN_ART_33_Fr_VIII_B<\/a><\/p>\n<p style=\"text-align: center;\"><strong>TERCER TRIMESTRE<\/strong><\/p>\n<p>Formato VIII. Remuneraci\u00f3n bruta y neta de todos los (as) servidores p\u00fablicos de base y de confianza<\/p>\n<p>Formato A: Remuneraci\u00f3n Bruta y Neta<\/p>\n<p><a href=\"https:\/\/cmdh.bahiadebanderas.gob.mx\/wp-content\/uploads\/2025\/11\/LTAIPEN_Art_33_Fr_VIII.xlsx\">LTAIPEN_Art_33_Fr_VIII-A<\/a><\/p>\n<p>Formato B: Tabulador de Sueldos y Salarios<\/p>\n<p><a href=\"https:\/\/cmdh.bahiadebanderas.gob.mx\/wp-content\/uploads\/2025\/11\/LTAIPEN_ART_33_Fr_VIII_B.xlsx\">LTAIPEN_ART_33_Fr_VIII_B<\/a><\/p>\n<p style=\"text-align: center;\"><strong>PRIMER TRIMESTRE<\/strong><\/p>\n<p>Formato VIII. Remuneraci\u00f3n bruta y neta de todos los (as) servidores p\u00fablicos de base y de confianza<\/p>\n<p>Formato A: Remuneraci\u00f3n Bruta y Neta<\/p>\n<p><a href=\"https:\/\/cmdh.bahiadebanderas.gob.mx\/wp-content\/uploads\/2025\/05\/LTAIPEN_Art_33_Fr_VIII-9.xlsx\">LTAIPEN_Art_33_Fr_VIII-A<\/a><\/p>\n<p>Formato B: Tabulador de Sueldos y Salarios<\/p>\n<p><a href=\"https:\/\/cmdh.bahiadebanderas.gob.mx\/wp-content\/uploads\/2025\/05\/LTAIPEN_ART_33_Fr_VIII_B-5.xlsx\">LTAIPEN_ART_33_Fr_VIII_B<\/a><\/p>\n<style type=\"text\/css\" scoped=\"scoped\">.divider-69e79b7f43add{ margin-top: 30px;margin-bottom:30px;width:100%;}.divider-69e79b7f43add .divider-border{border-bottom-width:5px; border-color:#f2f2f2;}.divider-69e79b7f43add .double-line.divider-inner-item .divider-inner{border-top-width: 5px; border-bottom-width: 5px;}.divider-69e79b7f43add .divider-border.divider-inner-item .divider-inner{ border-bottom-width: 5px;} <\/style><div class=\" divider divider-69e79b7f43add divider-shadow center\" id=\"\" style=\"margin-top:; margin-bottom:;\"><div class=\"divider-inner divider-border\"><\/div><\/div>\n<p style=\"text-align: center;\"><strong>EJERCICIO 2024<\/strong><\/p>\n<p style=\"text-align: center;\"><strong>CUARTO TRIMESTRE<\/strong><\/p>\n<p>Formato VIII. Remuneraci\u00f3n bruta y neta de todos los (as) servidores p\u00fablicos de base y de confianza<\/p>\n<p>Formato A: Remuneraci\u00f3n Bruta y Neta<\/p>\n<p><a href=\"https:\/\/cmdh.bahiadebanderas.gob.mx\/wp-content\/uploads\/2025\/01\/LTAIPEN_Art_33_Fr_VIII-.xlsx\">LTAIPEN_Art_33_Fr_VIII-A<\/a><\/p>\n<p>Formato B: Tabulador de Sueldos y Salarios<\/p>\n<p><a href=\"https:\/\/cmdh.bahiadebanderas.gob.mx\/wp-content\/uploads\/2025\/01\/LTAIPEN_ART_33_Fr_VIII_B.xlsx\">LTAIPEN_ART_33_Fr_VIII_B<\/a><\/p>\n<p style=\"text-align: center;\"><strong>TERCERO TRIMESTRE<\/strong><\/p>\n<p>Formato VIII. Remuneraci\u00f3n bruta y neta de todos los (as) servidores p\u00fablicos de base y de confianza<\/p>\n<p>Formato A: Remuneraci\u00f3n Bruta y Neta<\/p>\n<p><a href=\"https:\/\/cmdh.bahiadebanderas.gob.mx\/wp-content\/uploads\/2024\/10\/LTAIPEN_Art_33_Fr_VIII-1.xlsx\">LTAIPEN_Art_33_Fr_VIII-A<\/a><\/p>\n<p>Formato B: Tabulador de Sueldos y Salarios<\/p>\n<p><a href=\"https:\/\/cmdh.bahiadebanderas.gob.mx\/wp-content\/uploads\/2024\/10\/LTAIPEN_ART_33_Fr_VIII_B-5.xlsx\">LTAIPEN_ART_33_Fr_VIII_B<\/a><\/p>\n<p style=\"text-align: center;\"><strong>SEGUNDO TRIMESTRE<\/strong><\/p>\n<p>Formato VIII. Remuneraci\u00f3n bruta y neta de todos los (as) servidores p\u00fablicos de base y de confianza<\/p>\n<p>Formato A: Remuneraci\u00f3n Bruta y Neta<\/p>\n<p><a href=\"https:\/\/cmdh.bahiadebanderas.gob.mx\/wp-content\/uploads\/2024\/07\/LTAIPEN_Art_33_Fr_VIII_a-9.xlsx\">LTAIPEN_Art_33_Fr_VIII<\/a><\/p>\n<p>Formato B: Tabulador de Sueldos y Salarios<\/p>\n<p><a href=\"https:\/\/cmdh.bahiadebanderas.gob.mx\/wp-content\/uploads\/2024\/07\/LTAIPEN_ART_33_Fr_VIII_B-4.xlsx\">LTAIPEN_ART_33_Fr_VIII_B<\/a><\/p>\n<p style=\"text-align: center;\"><strong>PRIMER TRIMESTRE<\/strong><\/p>\n<p>Formato VIII. Remuneraci\u00f3n bruta y neta de todos los (as) servidores p\u00fablicos de base y de confianza<\/p>\n<p>Formato A: Remuneraci\u00f3n Bruta y Neta<\/p>\n<p><a href=\"https:\/\/cmdh.bahiadebanderas.gob.mx\/wp-content\/uploads\/2024\/06\/LTAIPEN_Art_33_Fr_VIII-8.xlsx\">LTAIPEN_Art_33_Fr_VIII<\/a><\/p>\n<p>Formato B: Tabulador de Sueldos y Salarios<\/p>\n<p><a href=\"https:\/\/cmdh.bahiadebanderas.gob.mx\/wp-content\/uploads\/2024\/04\/LTAIPEN_ART_33_Fr_VIII_B-3.xlsx\">LTAIPEN_ART_33_Fr_VIII_B<\/a><\/p>\n<style type=\"text\/css\" scoped=\"scoped\">.divider-69e79b7f43b3d{ margin-top: 30px;margin-bottom:30px;width:100%;}.divider-69e79b7f43b3d .divider-border{border-bottom-width:5px; border-color:#f2f2f2;}.divider-69e79b7f43b3d .double-line.divider-inner-item .divider-inner{border-top-width: 5px; border-bottom-width: 5px;}.divider-69e79b7f43b3d .divider-border.divider-inner-item .divider-inner{ border-bottom-width: 5px;} <\/style><div class=\" divider divider-69e79b7f43b3d divider-shadow center\" id=\"\" style=\"margin-top:; margin-bottom:;\"><div class=\"divider-inner divider-border\"><\/div><\/div>\n<p>Periodo de actualizaci\u00f3n: Trimestral<\/p>\n<p>Ultima actualizaci\u00f3n:\u00a0 04 de Febrero del 2026<\/p>\n<p>Conservaci\u00f3n: Ejercicio en curso y ejercicio anterior.<\/p>\n<p>\u00c1rea que genera la informaci\u00f3n: Contabilidad<\/p>\n","protected":false},"excerpt":{"rendered":"<p>VIII. REMUNERACI\u00d3N DE LOS SERVIDORES P\u00daBLICOS EJERCICIO 2025 CUARTO TRIMESTRE Formato VIII. Remuneraci\u00f3n bruta y neta de todos los (as) servidores p\u00fablicos de base y de confianza Formato A: Remuneraci\u00f3n Bruta y Neta LTAIPEN_Art_33_Fr_VIII-A Formato B: Tabulador de Sueldos y Salarios LTAIPEN_ART_33_Fr_VIII_B TERCER TRIMESTRE Formato VIII. Remuneraci\u00f3n bruta y neta de todos los (as) servidores p\u00fablicos de base y de confianza Formato A: Remuneraci\u00f3n Bruta y Neta LTAIPEN_Art_33_Fr_VIII-A Formato B: Tabulador de Sueldos y Salarios LTAIPEN_ART_33_Fr_VIII_B PRIMER TRIMESTRE Formato VIII. Remuneraci\u00f3n bruta y neta de todos los (as) servidores p\u00fablicos de base y de confianza Formato A: Remuneraci\u00f3n Bruta y Neta LTAIPEN_Art_33_Fr_VIII-A Formato B: Tabulador de Sueldos y Salarios LTAIPEN_ART_33_Fr_VIII_B EJERCICIO 2024 CUARTO TRIMESTRE Formato VIII. Remuneraci\u00f3n bruta y neta de todos los (as) servidores p\u00fablicos de base y de confianza Formato A: Remuneraci\u00f3n Bruta y Neta LTAIPEN_Art_33_Fr_VIII-A Formato B: Tabulador de Sueldos y Salarios LTAIPEN_ART_33_Fr_VIII_B TERCERO TRIMESTRE Formato VIII. Remuneraci\u00f3n bruta y neta de todos los (as) servidores p\u00fablicos de base y de confianza Formato A: Remuneraci\u00f3n Bruta y Neta LTAIPEN_Art_33_Fr_VIII-A Formato B: Tabulador de Sueldos y Salarios LTAIPEN_ART_33_Fr_VIII_B SEGUNDO TRIMESTRE Formato VIII. Remuneraci\u00f3n bruta y neta de todos los (as) servidores p\u00fablicos de base y de confianza Formato A: Remuneraci\u00f3n Bruta y Neta LTAIPEN_Art_33_Fr_VIII Formato B: Tabulador de Sueldos y Salarios LTAIPEN_ART_33_Fr_VIII_B PRIMER TRIMESTRE Formato VIII. Remuneraci\u00f3n bruta y neta de todos los (as) servidores p\u00fablicos de base y de confianza Formato A: Remuneraci\u00f3n Bruta y Neta LTAIPEN_Art_33_Fr_VIII Formato B: Tabulador de Sueldos y Salarios LTAIPEN_ART_33_Fr_VIII_B Periodo de actualizaci\u00f3n: Trimestral Ultima actualizaci\u00f3n:\u00a0 04 de Febrero del 2026 Conservaci\u00f3n: Ejercicio en curso y ejercicio anterior. \u00c1rea que genera la informaci\u00f3n: Contabilidad<\/p>\n","protected":false},"author":1,"featured_media":0,"parent":0,"menu_order":0,"comment_status":"closed","ping_status":"closed","template":"","meta":[],"_links":{"self":[{"href":"https:\/\/cmdh.bahiadebanderas.gob.mx\/index.php\/wp-json\/wp\/v2\/pages\/460"}],"collection":[{"href":"https:\/\/cmdh.bahiadebanderas.gob.mx\/index.php\/wp-json\/wp\/v2\/pages"}],"about":[{"href":"https:\/\/cmdh.bahiadebanderas.gob.mx\/index.php\/wp-json\/wp\/v2\/types\/page"}],"author":[{"embeddable":true,"href":"https:\/\/cmdh.bahiadebanderas.gob.mx\/index.php\/wp-json\/wp\/v2\/users\/1"}],"replies":[{"embeddable":true,"href":"https:\/\/cmdh.bahiadebanderas.gob.mx\/index.php\/wp-json\/wp\/v2\/comments?post=460"}],"version-history":[{"count":59,"href":"https:\/\/cmdh.bahiadebanderas.gob.mx\/index.php\/wp-json\/wp\/v2\/pages\/460\/revisions"}],"predecessor-version":[{"id":12208,"href":"https:\/\/cmdh.bahiadebanderas.gob.mx\/index.php\/wp-json\/wp\/v2\/pages\/460\/revisions\/12208"}],"wp:attachment":[{"href":"https:\/\/cmdh.bahiadebanderas.gob.mx\/index.php\/wp-json\/wp\/v2\/media?parent=460"}],"curies":[{"name":"wp","href":"https:\/\/api.w.org\/{rel}","templated":true}]}}