{"id":4130,"date":"2021-12-31T11:30:00","date_gmt":"2021-12-31T17:30:00","guid":{"rendered":"https:\/\/cmdh.bahiadebanderas.gob.mx\/?page_id=4130"},"modified":"2026-02-13T13:31:27","modified_gmt":"2026-02-13T19:31:27","slug":"patrimonio","status":"publish","type":"page","link":"https:\/\/cmdh.bahiadebanderas.gob.mx\/index.php\/patrimonio\/","title":{"rendered":"Patrimonio"},"content":{"rendered":"\n<p>Consulta de inventario del patrimonio de la Comisi\u00f3n Municipal de Derechos Humanos de Bah\u00eda de Banderas Nayarit.<\/p>\n\n\n\n<p><\/p>\n\n\n\n<p><\/p>\n\n\n\n<figure class=\"wp-block-table\"><table><tbody><tr><td class=\"has-text-align-center\" data-align=\"center\"><strong>\u00daLTIMA MODIFICACI\u00d3N<\/strong><\/td><td class=\"has-text-align-center\" data-align=\"center\"><strong>DOCUMENTO<\/strong><\/td><td class=\"has-text-align-center\" data-align=\"center\"><strong>DESCARGA<\/strong><\/td><\/tr><tr><td class=\"has-text-align-center\" data-align=\"center\">31\/12\/2025<\/td><td class=\"has-text-align-center\" data-align=\"center\">INVENTARIO DE BIENES MUEBLES E INMUEBLES<\/td><td class=\"has-text-align-center\" data-align=\"center\">\u00a0<a href=\"https:\/\/cmdh.bahiadebanderas.gob.mx\/wp-content\/uploads\/2026\/02\/INV.-DE-BIENES-MUEBLES-E-INMUEBLES.pdf\" data-type=\"URL\"><img class=\"wp-image-281\" style=\"width: 37px;\" src=\"https:\/\/cmdh.bahiadebanderas.gob.mx\/wp-content\/uploads\/2020\/04\/PDF.png\" alt=\"\"><\/a><\/td><\/tr><\/tbody><\/table><\/figure>\n\n\n\n<figure class=\"wp-block-table\"><table><tbody><tr><td class=\"has-text-align-center\" data-align=\"center\"><strong>\u00daLTIMA MODIFICACI\u00d3N<\/strong><\/td><td class=\"has-text-align-center\" data-align=\"center\"><strong>DOCUMENTO<\/strong><\/td><td class=\"has-text-align-center\" data-align=\"center\"><strong>DESCARGA<\/strong><\/td><\/tr><tr><td class=\"has-text-align-center\" data-align=\"center\">30\/06\/2025<\/td><td class=\"has-text-align-center\" data-align=\"center\">INVENTARIO DE BIENES MUEBLES E INMUEBLES<\/td><td class=\"has-text-align-center\" data-align=\"center\">&nbsp;<a href=\"https:\/\/cmdh.bahiadebanderas.gob.mx\/wp-content\/uploads\/2025\/08\/D.5.4-INVENTARIO-DE-BIENES-MUEBLES-E-INMUEBLES.pdf\" data-type=\"URL\"><img class=\"wp-image-281\" style=\"width: 37px;\" src=\"https:\/\/cmdh.bahiadebanderas.gob.mx\/wp-content\/uploads\/2020\/04\/PDF.png\" alt=\"\"><\/a><\/td><\/tr><\/tbody><\/table><\/figure>\n\n\n\n<figure class=\"wp-block-table\"><table><tbody><tr><td class=\"has-text-align-center\" data-align=\"center\"><strong>\u00daLTIMA MODIFICACI\u00d3N<\/strong><\/td><td class=\"has-text-align-center\" data-align=\"center\"><strong>DOCUMENTO<\/strong><\/td><td class=\"has-text-align-center\" data-align=\"center\"><strong>DESCARGA<\/strong><\/td><\/tr><tr><td class=\"has-text-align-center\" data-align=\"center\">31\/12\/2024<\/td><td class=\"has-text-align-center\" data-align=\"center\">INVENTARIO DE BIENES MUEBLES E INMUEBLES<\/td><td class=\"has-text-align-center\" data-align=\"center\">&nbsp;<a href=\"https:\/\/cmdh.bahiadebanderas.gob.mx\/wp-content\/uploads\/2025\/01\/Inv.-Bienes-Muebles-e-Inmuebles-311224.pdf\" data-type=\"URL\"><img class=\"wp-image-281\" style=\"width: 37px;\" src=\"https:\/\/cmdh.bahiadebanderas.gob.mx\/wp-content\/uploads\/2020\/04\/PDF.png\" alt=\"\"><\/a><\/td><\/tr><\/tbody><\/table><\/figure>\n\n\n\n<p>Consulta de inventario del patrimonio de la Comisi\u00f3n Municipal de Derechos Humanos de Bah\u00eda de Banderas Nayarit.<\/p>\n\n\n\n<figure class=\"wp-block-table\"><table><tbody><tr><td class=\"has-text-align-center\" data-align=\"center\"><strong>\u00daLTIMA MODIFICACI\u00d3N<\/strong><\/td><td class=\"has-text-align-center\" data-align=\"center\"><strong>DOCUMENTO<\/strong><\/td><td class=\"has-text-align-center\" data-align=\"center\"><strong>DESCARGA<\/strong><\/td><\/tr><tr><td class=\"has-text-align-center\" data-align=\"center\">30\/06\/2024<\/td><td class=\"has-text-align-center\" data-align=\"center\">INVENTARIO DE BIENES MUEBLES E INMUEBLES<\/td><td class=\"has-text-align-center\" data-align=\"center\">&nbsp;<a href=\"https:\/\/cmdh.bahiadebanderas.gob.mx\/wp-content\/uploads\/2025\/01\/Inv.-Bienes-Muebles-e-Inmuebles-300624.pdf\" data-type=\"URL\" target=\"_blank\" rel=\"noreferrer noopener\"><img class=\"wp-image-281\" style=\"width: 37px;\" src=\"https:\/\/cmdh.bahiadebanderas.gob.mx\/wp-content\/uploads\/2020\/04\/PDF.png\" alt=\"\"><\/a><\/td><\/tr><\/tbody><\/table><\/figure>\n\n\n\n<p>Consulta de inventario del patrimonio de la Comisi\u00f3n Municipal de Derechos Humanos de Bah\u00eda de Banderas Nayarit.<\/p>\n\n\n\n<figure class=\"wp-block-table\"><table><tbody><tr><td class=\"has-text-align-center\" data-align=\"center\"><strong>\u00daLTIMA MODIFICACI\u00d3N<\/strong><\/td><td class=\"has-text-align-center\" data-align=\"center\"><strong>DOCUMENTO<\/strong><\/td><td class=\"has-text-align-center\" data-align=\"center\"><strong>DESCARGA<\/strong><\/td><\/tr><tr><td class=\"has-text-align-center\" data-align=\"center\">31\/12\/2023<\/td><td class=\"has-text-align-center\" data-align=\"center\">INVENTARIO DE BIENES MUEBLES E INMUEBLES<\/td><td class=\"has-text-align-center\" data-align=\"center\">&nbsp;<a href=\"https:\/\/cmdh.bahiadebanderas.gob.mx\/wp-content\/uploads\/2024\/01\/inventario-Dic-2023.pdf\" data-type=\"URL\"><img class=\"wp-image-281\" style=\"width: 37px;\" src=\"https:\/\/cmdh.bahiadebanderas.gob.mx\/wp-content\/uploads\/2020\/04\/PDF.png\" alt=\"\"><\/a><\/td><\/tr><\/tbody><\/table><\/figure>\n\n\n\n<p>Consulta de inventario del patrimonio de la Comisi\u00f3n Municipal de Derechos Humanos de Bah\u00eda de Banderas Nayarit.<\/p>\n\n\n\n<figure class=\"wp-block-table\"><table><tbody><tr><td class=\"has-text-align-center\" data-align=\"center\"><strong>\u00daLTIMA MODIFICACI\u00d3N<\/strong><\/td><td class=\"has-text-align-center\" data-align=\"center\"><strong>DOCUMENTO<\/strong><\/td><td class=\"has-text-align-center\" data-align=\"center\"><strong>DESCARGA<\/strong><\/td><\/tr><tr><td class=\"has-text-align-center\" data-align=\"center\">30\/06\/2023<\/td><td class=\"has-text-align-center\" data-align=\"center\">INVENTARIO DE BIENES MUEBLES E INMUEBLES<\/td><td class=\"has-text-align-center\" data-align=\"center\">&nbsp;<a href=\"https:\/\/cmdh.bahiadebanderas.gob.mx\/wp-content\/uploads\/2023\/07\/PATRIMONIO.pdf\" data-type=\"URL\"><img class=\"wp-image-281\" style=\"width: 37px;\" src=\"https:\/\/cmdh.bahiadebanderas.gob.mx\/wp-content\/uploads\/2020\/04\/PDF.png\" alt=\"\"><\/a><\/td><\/tr><\/tbody><\/table><\/figure>\n\n\n\n<p>Consulta de inventario del patrimonio de la Comisi\u00f3n Municipal de Derechos Humanos de Bah\u00eda de Banderas Nayarit.<\/p>\n\n\n\n<figure class=\"wp-block-table\"><table><tbody><tr><td class=\"has-text-align-center\" data-align=\"center\"><strong>\u00daLTIMA MODIFICACI\u00d3N<\/strong><\/td><td class=\"has-text-align-center\" data-align=\"center\"><strong>DOCUMENTO<\/strong><\/td><td class=\"has-text-align-center\" data-align=\"center\"><strong>DESCARGA<\/strong><\/td><\/tr><tr><td class=\"has-text-align-center\" data-align=\"center\">31\/12\/2022<\/td><td class=\"has-text-align-center\" data-align=\"center\">INVENTARIO DE BIENES MUEBLES E INMUEBLES<\/td><td class=\"has-text-align-center\" data-align=\"center\">&nbsp;<a href=\"https:\/\/cmdh.bahiadebanderas.gob.mx\/wp-content\/uploads\/2023\/03\/D.5.4-pub.-Inventario-de-B.-Muebles-e-Inmuebles.pdf\" data-type=\"URL\"><img class=\"wp-image-281\" style=\"width: 37px;\" src=\"https:\/\/cmdh.bahiadebanderas.gob.mx\/wp-content\/uploads\/2020\/04\/PDF.png\" alt=\"\"><\/a><\/td><\/tr><\/tbody><\/table><\/figure>\n\n\n\n<p>Consulta de inventario del patrimonio de la Comisi\u00f3n Municipal de Derechos Humanos de Bah\u00eda de Banderas Nayarit.<\/p>\n\n\n\n<figure class=\"wp-block-table\"><table><tbody><tr><td class=\"has-text-align-center\" data-align=\"center\"><strong>\u00daLTIMA MODIFICACI\u00d3N<\/strong><\/td><td class=\"has-text-align-center\" data-align=\"center\"><strong>DOCUMENTO<\/strong><\/td><td class=\"has-text-align-center\" data-align=\"center\"><strong>DESCARGA<\/strong><\/td><\/tr><tr><td class=\"has-text-align-center\" data-align=\"center\">30\/06\/2022<\/td><td class=\"has-text-align-center\" data-align=\"center\">INVENTARIO DE BIENES MUEBLES E INMUEBLES<\/td><td class=\"has-text-align-center\" data-align=\"center\">&nbsp;<a href=\"https:\/\/cmdh.bahiadebanderas.gob.mx\/wp-content\/uploads\/2022\/08\/Libro-de-Inventarios-de-Bienes-Muebles-e-Inmuebles-al-30-06-2022-2.pdf\" data-type=\"URL\"><img class=\"wp-image-281\" style=\"width: 37px;\" src=\"https:\/\/cmdh.bahiadebanderas.gob.mx\/wp-content\/uploads\/2020\/04\/PDF.png\" alt=\"\"><\/a><\/td><\/tr><\/tbody><\/table><\/figure>\n\n\n\n<p><\/p>\n\n\n\n<figure class=\"wp-block-table\"><table><tbody><tr><td class=\"has-text-align-center\" data-align=\"center\"><strong>MODIFICACI\u00d3N<\/strong><\/td><td class=\"has-text-align-center\" data-align=\"center\"><strong>DOCUMENTO<\/strong><\/td><td class=\"has-text-align-center\" data-align=\"center\"><strong>DESCARGA<\/strong><\/td><\/tr><tr><td class=\"has-text-align-center\" data-align=\"center\">31\/12\/2021<\/td><td class=\"has-text-align-center\" data-align=\"center\">INVENTARIO DE BIENES MUEBLES E INMUEBLES<\/td><td class=\"has-text-align-center\" data-align=\"center\">&nbsp;<a href=\"https:\/\/cmdh.bahiadebanderas.gob.mx\/wp-content\/uploads\/2022\/05\/Libro-de-Inventarios-Bienes-muebles-e-Inmuebles.pdf\" data-type=\"URL\" data-id=\"https:\/\/cmdh.bahiadebanderas.gob.mx\/wp-content\/uploads\/2022\/05\/Libro-de-Inventarios-Bienes-muebles-e-Inmuebles.pdf\"><img class=\"wp-image-281\" style=\"width: 37px;\" src=\"https:\/\/cmdh.bahiadebanderas.gob.mx\/wp-content\/uploads\/2020\/04\/PDF.png\" alt=\"\"><\/a><\/td><\/tr><\/tbody><\/table><\/figure>\n\n\n\n<p><\/p>\n","protected":false},"excerpt":{"rendered":"<p>Consulta de inventario del patrimonio de la Comisi\u00f3n Municipal de Derechos Humanos de Bah\u00eda de Banderas Nayarit. \u00daLTIMA MODIFICACI\u00d3N DOCUMENTO DESCARGA 31\/12\/2025 INVENTARIO DE BIENES MUEBLES E INMUEBLES \u00a0 \u00daLTIMA MODIFICACI\u00d3N DOCUMENTO DESCARGA 30\/06\/2025 INVENTARIO DE BIENES MUEBLES E INMUEBLES &nbsp; \u00daLTIMA MODIFICACI\u00d3N DOCUMENTO DESCARGA 31\/12\/2024 INVENTARIO DE BIENES MUEBLES E INMUEBLES &nbsp; Consulta de inventario del patrimonio de la Comisi\u00f3n Municipal de Derechos Humanos de Bah\u00eda de Banderas Nayarit. \u00daLTIMA MODIFICACI\u00d3N DOCUMENTO DESCARGA 30\/06\/2024 INVENTARIO DE BIENES MUEBLES E INMUEBLES &nbsp; Consulta de inventario del patrimonio de la Comisi\u00f3n Municipal de Derechos Humanos de Bah\u00eda de Banderas Nayarit. \u00daLTIMA MODIFICACI\u00d3N DOCUMENTO DESCARGA 31\/12\/2023 INVENTARIO DE BIENES MUEBLES E INMUEBLES &nbsp; Consulta de inventario del patrimonio de la Comisi\u00f3n Municipal de Derechos Humanos de Bah\u00eda de Banderas Nayarit. \u00daLTIMA MODIFICACI\u00d3N DOCUMENTO DESCARGA 30\/06\/2023 INVENTARIO DE BIENES MUEBLES E INMUEBLES &nbsp; Consulta de inventario del patrimonio de la Comisi\u00f3n Municipal de Derechos Humanos de Bah\u00eda de Banderas Nayarit. \u00daLTIMA MODIFICACI\u00d3N DOCUMENTO DESCARGA 31\/12\/2022 INVENTARIO DE BIENES MUEBLES E INMUEBLES &nbsp; Consulta de inventario del patrimonio de la Comisi\u00f3n Municipal de Derechos Humanos de Bah\u00eda de Banderas Nayarit. \u00daLTIMA MODIFICACI\u00d3N DOCUMENTO DESCARGA 30\/06\/2022 INVENTARIO DE BIENES MUEBLES E INMUEBLES &nbsp; MODIFICACI\u00d3N DOCUMENTO DESCARGA 31\/12\/2021 INVENTARIO DE BIENES MUEBLES E INMUEBLES &nbsp;<\/p>\n","protected":false},"author":1,"featured_media":0,"parent":0,"menu_order":0,"comment_status":"closed","ping_status":"closed","template":"","meta":[],"_links":{"self":[{"href":"https:\/\/cmdh.bahiadebanderas.gob.mx\/index.php\/wp-json\/wp\/v2\/pages\/4130"}],"collection":[{"href":"https:\/\/cmdh.bahiadebanderas.gob.mx\/index.php\/wp-json\/wp\/v2\/pages"}],"about":[{"href":"https:\/\/cmdh.bahiadebanderas.gob.mx\/index.php\/wp-json\/wp\/v2\/types\/page"}],"author":[{"embeddable":true,"href":"https:\/\/cmdh.bahiadebanderas.gob.mx\/index.php\/wp-json\/wp\/v2\/users\/1"}],"replies":[{"embeddable":true,"href":"https:\/\/cmdh.bahiadebanderas.gob.mx\/index.php\/wp-json\/wp\/v2\/comments?post=4130"}],"version-history":[{"count":13,"href":"https:\/\/cmdh.bahiadebanderas.gob.mx\/index.php\/wp-json\/wp\/v2\/pages\/4130\/revisions"}],"predecessor-version":[{"id":12340,"href":"https:\/\/cmdh.bahiadebanderas.gob.mx\/index.php\/wp-json\/wp\/v2\/pages\/4130\/revisions\/12340"}],"wp:attachment":[{"href":"https:\/\/cmdh.bahiadebanderas.gob.mx\/index.php\/wp-json\/wp\/v2\/media?parent=4130"}],"curies":[{"name":"wp","href":"https:\/\/api.w.org\/{rel}","templated":true}]}}