{"id":2088,"date":"2021-01-19T13:16:41","date_gmt":"2021-01-19T19:16:41","guid":{"rendered":"https:\/\/cmdh.bahiadebanderas.gob.mx\/?page_id=2088"},"modified":"2021-01-19T14:47:29","modified_gmt":"2021-01-19T20:47:29","slug":"presenta-tu-queja","status":"publish","type":"page","link":"https:\/\/cmdh.bahiadebanderas.gob.mx\/index.php\/presenta-tu-queja\/","title":{"rendered":"Presenta tu Queja"},"content":{"rendered":"<h3 style=\"text-align: center;\">\u00bfConsideras haber sufrido una vulneraci\u00f3n a tus Derechos Humanos por parte de una servidora o servidor p\u00fablico?<\/h3>\n<p>&nbsp;<\/p>\n<p style=\"text-align: center;\">A continuaci\u00f3n te dejamos el procedimiento para presentar tu queja por este medio:<\/p>\n<p><img loading=\"lazy\" class=\"aligncenter wp-image-2099\" src=\"https:\/\/cmdh.bahiadebanderas.gob.mx\/wp-content\/uploads\/2021\/01\/\u00bfC\u00f3mo-presentar-mi-queja-v\u00eda-internet_-2.jpg\" alt=\"\" width=\"1600\" height=\"901\" srcset=\"https:\/\/cmdh.bahiadebanderas.gob.mx\/wp-content\/uploads\/2021\/01\/\u00bfC\u00f3mo-presentar-mi-queja-v\u00eda-internet_-2.jpg 1640w, https:\/\/cmdh.bahiadebanderas.gob.mx\/wp-content\/uploads\/2021\/01\/\u00bfC\u00f3mo-presentar-mi-queja-v\u00eda-internet_-2-300x169.jpg 300w, https:\/\/cmdh.bahiadebanderas.gob.mx\/wp-content\/uploads\/2021\/01\/\u00bfC\u00f3mo-presentar-mi-queja-v\u00eda-internet_-2-1024x577.jpg 1024w, https:\/\/cmdh.bahiadebanderas.gob.mx\/wp-content\/uploads\/2021\/01\/\u00bfC\u00f3mo-presentar-mi-queja-v\u00eda-internet_-2-768x433.jpg 768w, https:\/\/cmdh.bahiadebanderas.gob.mx\/wp-content\/uploads\/2021\/01\/\u00bfC\u00f3mo-presentar-mi-queja-v\u00eda-internet_-2-1536x865.jpg 1536w, https:\/\/cmdh.bahiadebanderas.gob.mx\/wp-content\/uploads\/2021\/01\/\u00bfC\u00f3mo-presentar-mi-queja-v\u00eda-internet_-2-640x360.jpg 640w\" sizes=\"(max-width: 1600px) 100vw, 1600px\" \/><\/p>\n<p><a href=\"https:\/\/cmdh.bahiadebanderas.gob.mx\/wp-content\/uploads\/2021\/01\/Formato-de-presentaci%C3%B3n-de-queja.xlsx\"><img loading=\"lazy\" class=\"alignnone wp-image-2100\" src=\"https:\/\/cmdh.bahiadebanderas.gob.mx\/wp-content\/uploads\/2021\/01\/Dise\u00f1o-sin-t\u00edtulo-300x300.jpg\" alt=\"\" width=\"263\" height=\"263\" srcset=\"https:\/\/cmdh.bahiadebanderas.gob.mx\/wp-content\/uploads\/2021\/01\/Dise\u00f1o-sin-t\u00edtulo-300x300.jpg 300w, https:\/\/cmdh.bahiadebanderas.gob.mx\/wp-content\/uploads\/2021\/01\/Dise\u00f1o-sin-t\u00edtulo-1024x1024.jpg 1024w, https:\/\/cmdh.bahiadebanderas.gob.mx\/wp-content\/uploads\/2021\/01\/Dise\u00f1o-sin-t\u00edtulo-150x150.jpg 150w, https:\/\/cmdh.bahiadebanderas.gob.mx\/wp-content\/uploads\/2021\/01\/Dise\u00f1o-sin-t\u00edtulo-768x768.jpg 768w, https:\/\/cmdh.bahiadebanderas.gob.mx\/wp-content\/uploads\/2021\/01\/Dise\u00f1o-sin-t\u00edtulo.jpg 1080w\" sizes=\"(max-width: 263px) 100vw, 263px\" \/><\/a><a href=\"http:\/\/www.gmail.com\"><img loading=\"lazy\" class=\"alignnone wp-image-2101\" src=\"https:\/\/cmdh.bahiadebanderas.gob.mx\/wp-content\/uploads\/2021\/01\/Dise\u00f1o-sin-t\u00edtulo-1-300x300.jpg\" alt=\"\" width=\"263\" height=\"263\" srcset=\"https:\/\/cmdh.bahiadebanderas.gob.mx\/wp-content\/uploads\/2021\/01\/Dise\u00f1o-sin-t\u00edtulo-1-300x300.jpg 300w, https:\/\/cmdh.bahiadebanderas.gob.mx\/wp-content\/uploads\/2021\/01\/Dise\u00f1o-sin-t\u00edtulo-1-1024x1024.jpg 1024w, https:\/\/cmdh.bahiadebanderas.gob.mx\/wp-content\/uploads\/2021\/01\/Dise\u00f1o-sin-t\u00edtulo-1-150x150.jpg 150w, https:\/\/cmdh.bahiadebanderas.gob.mx\/wp-content\/uploads\/2021\/01\/Dise\u00f1o-sin-t\u00edtulo-1-768x768.jpg 768w, https:\/\/cmdh.bahiadebanderas.gob.mx\/wp-content\/uploads\/2021\/01\/Dise\u00f1o-sin-t\u00edtulo-1.jpg 1080w\" sizes=\"(max-width: 263px) 100vw, 263px\" \/><\/a> <img loading=\"lazy\" class=\"alignnone wp-image-2102\" src=\"https:\/\/cmdh.bahiadebanderas.gob.mx\/wp-content\/uploads\/2021\/01\/Dise\u00f1o-sin-t\u00edtulo-2-300x300.jpg\" alt=\"\" width=\"263\" height=\"263\" srcset=\"https:\/\/cmdh.bahiadebanderas.gob.mx\/wp-content\/uploads\/2021\/01\/Dise\u00f1o-sin-t\u00edtulo-2-300x300.jpg 300w, https:\/\/cmdh.bahiadebanderas.gob.mx\/wp-content\/uploads\/2021\/01\/Dise\u00f1o-sin-t\u00edtulo-2-1024x1024.jpg 1024w, https:\/\/cmdh.bahiadebanderas.gob.mx\/wp-content\/uploads\/2021\/01\/Dise\u00f1o-sin-t\u00edtulo-2-150x150.jpg 150w, https:\/\/cmdh.bahiadebanderas.gob.mx\/wp-content\/uploads\/2021\/01\/Dise\u00f1o-sin-t\u00edtulo-2-768x768.jpg 768w, https:\/\/cmdh.bahiadebanderas.gob.mx\/wp-content\/uploads\/2021\/01\/Dise\u00f1o-sin-t\u00edtulo-2.jpg 1080w\" sizes=\"(max-width: 263px) 100vw, 263px\" \/> <a href=\"https:\/\/www.google.com\/maps\/place\/Jos%C3%A9+Mar%C3%ADa+Morelos+30,+Centro,+63737+Centro,+Nay.\/@20.7629242,-105.2286396,20z\/data=!4m5!3m4!1s0x842147dd78db42cd:0x2f1a1f469dd0d93b!8m2!3d20.7630282!4d-105.2284857\"><img loading=\"lazy\" class=\"alignnone wp-image-2103\" src=\"https:\/\/cmdh.bahiadebanderas.gob.mx\/wp-content\/uploads\/2021\/01\/\u00a1Listo-solo-tienes-que-acudir-a-la-CMDH-dentro-de-los-pr\u00f3ximos-03-d\u00edas-h\u00e1biles-siguientes-para-ratificar-formalmente-tu-queja.-300x300.jpg\" alt=\"\" width=\"263\" height=\"263\" srcset=\"https:\/\/cmdh.bahiadebanderas.gob.mx\/wp-content\/uploads\/2021\/01\/\u00a1Listo-solo-tienes-que-acudir-a-la-CMDH-dentro-de-los-pr\u00f3ximos-03-d\u00edas-h\u00e1biles-siguientes-para-ratificar-formalmente-tu-queja.-300x300.jpg 300w, https:\/\/cmdh.bahiadebanderas.gob.mx\/wp-content\/uploads\/2021\/01\/\u00a1Listo-solo-tienes-que-acudir-a-la-CMDH-dentro-de-los-pr\u00f3ximos-03-d\u00edas-h\u00e1biles-siguientes-para-ratificar-formalmente-tu-queja.-1024x1024.jpg 1024w, https:\/\/cmdh.bahiadebanderas.gob.mx\/wp-content\/uploads\/2021\/01\/\u00a1Listo-solo-tienes-que-acudir-a-la-CMDH-dentro-de-los-pr\u00f3ximos-03-d\u00edas-h\u00e1biles-siguientes-para-ratificar-formalmente-tu-queja.-150x150.jpg 150w, https:\/\/cmdh.bahiadebanderas.gob.mx\/wp-content\/uploads\/2021\/01\/\u00a1Listo-solo-tienes-que-acudir-a-la-CMDH-dentro-de-los-pr\u00f3ximos-03-d\u00edas-h\u00e1biles-siguientes-para-ratificar-formalmente-tu-queja.-768x768.jpg 768w, https:\/\/cmdh.bahiadebanderas.gob.mx\/wp-content\/uploads\/2021\/01\/\u00a1Listo-solo-tienes-que-acudir-a-la-CMDH-dentro-de-los-pr\u00f3ximos-03-d\u00edas-h\u00e1biles-siguientes-para-ratificar-formalmente-tu-queja..jpg 1080w\" sizes=\"(max-width: 263px) 100vw, 263px\" \/><\/a><\/p>\n<p>&nbsp;<\/p>\n","protected":false},"excerpt":{"rendered":"<p>\u00bfConsideras haber sufrido una vulneraci\u00f3n a tus Derechos Humanos por parte de una servidora o servidor p\u00fablico? &nbsp; A continuaci\u00f3n te dejamos el procedimiento para presentar tu queja por este medio: &nbsp;<\/p>\n","protected":false},"author":1,"featured_media":0,"parent":0,"menu_order":0,"comment_status":"closed","ping_status":"closed","template":"","meta":[],"_links":{"self":[{"href":"https:\/\/cmdh.bahiadebanderas.gob.mx\/index.php\/wp-json\/wp\/v2\/pages\/2088"}],"collection":[{"href":"https:\/\/cmdh.bahiadebanderas.gob.mx\/index.php\/wp-json\/wp\/v2\/pages"}],"about":[{"href":"https:\/\/cmdh.bahiadebanderas.gob.mx\/index.php\/wp-json\/wp\/v2\/types\/page"}],"author":[{"embeddable":true,"href":"https:\/\/cmdh.bahiadebanderas.gob.mx\/index.php\/wp-json\/wp\/v2\/users\/1"}],"replies":[{"embeddable":true,"href":"https:\/\/cmdh.bahiadebanderas.gob.mx\/index.php\/wp-json\/wp\/v2\/comments?post=2088"}],"version-history":[{"count":7,"href":"https:\/\/cmdh.bahiadebanderas.gob.mx\/index.php\/wp-json\/wp\/v2\/pages\/2088\/revisions"}],"predecessor-version":[{"id":2115,"href":"https:\/\/cmdh.bahiadebanderas.gob.mx\/index.php\/wp-json\/wp\/v2\/pages\/2088\/revisions\/2115"}],"wp:attachment":[{"href":"https:\/\/cmdh.bahiadebanderas.gob.mx\/index.php\/wp-json\/wp\/v2\/media?parent=2088"}],"curies":[{"name":"wp","href":"https:\/\/api.w.org\/{rel}","templated":true}]}}